130.33.48.89 - - [01/Dec/2025:00:56:44 +0300] "GET /wp-includes/images/smilies/ HTTP/1.1" 500 7309 "https://www.google.com/" "Mozilla/5.0 (iPhone; CPU iPhone OS 16_0 like Mac OS X) AppleWebKit/605.1.15 (KHTML, like Gecko) FxiOS/118.0 Mobile/15E148 Safari/605.1.15"
130.33.48.89 - - [01/Dec/2025:00:56:48 +0300] "GET /wp-includes/images/wlw/ HTTP/1.1" 500 7309 "https://www.google.co.uk/" "Mozilla/5.0 (Linux; Android 11; CPH2251) AppleWebKit/537.36 (KHTML, like Gecko) Chrome/116.0.0.0 Mobile Safari/537.36"
130.33.48.89 - - [01/Dec/2025:00:56:55 +0300] "GET /wp-includes/index.php HTTP/1.1" 500 7309 "https://www.google.co.uk/" "Mozilla/5.g (Linux; Android 13; Pixel 7) AppleWebKit/537.36 (KHTML, like Gecko) Chrome/116.0.0.0 Mobile Safari/537.36"
130.33.48.89 - - [01/Dec/2025:00:56:58 +0300] "GET /wp-includes/js/codemirror/ HTTP/1.1" 500 7309 "https://www.bing.com/" "Mozilla/5.0 (Linux; Android 11; 21081111RG) AppleWebKit/537.36 (KHTML, like Gecko) Chrome/116.0.0.0 Mobile Safari/537.36"
130.33.48.89 - - [01/Dec/2025:00:57:00 +0300] "GET /wp-includes/js/crop/ HTTP/1.1" 500 7309 "https://www.google.de/" "Mozilla/5.0 (iPhone; CPU iPhone OS 17_1_1 like Mac OS X) AppleWebKit/605.1.15 (KHTML, like Gecko) Version/17.1 Mobile/15E148 Safari/604.1"
130.33.48.89 - - [01/Dec/2025:00:57:02 +0300] "GET /wp-includes/js/jcrop/jcrop.php HTTP/1.1" 500 7309 "https://www.google.fr/" "Mozilla/5.0 (Linux; Android 13; M2101K6G) AppleWebKit/537.36 (KHTML, like Gecko) Chrome/116.0.0.0 Mobile Safari/537.36"
130.33.48.89 - - [01/Dec/2025:00:57:06 +0300] "GET /wp-includes/php-compat/ HTTP/1.1" 500 7309 "https://www.google.com/" "Mozilla/5.0 (Linux; Android 11; 21081111RG) AppleWebKit/537.36 (KHTML, like Gecko) Chrome/116.0.0.0 Mobile Safari/537.36"
130.33.48.89 - - [01/Dec/2025:00:57:10 +0300] "GET /wp-includes/pomo/ HTTP/1.1" 500 7309 "https://www.google.co.uk/" "Mozilla/5.0 (Linux; Android 10; LM-Q720) AppleWebKit/537.36 (KHTML, like Gecko) Chrome/116.0.0.0 Mobile Safari/537.36"
130.33.48.89 - - [01/Dec/2025:00:57:12 +0300] "GET /wp-includes/random_compat/ HTTP/1.1" 500 7309 "https://www.google.com/" "Mozilla/5.g (Linux; Android 13; Pixel 7) AppleWebKit/537.36 (KHTML, like Gecko) Chrome/116.0.0.0 Mobile Safari/537.36"
130.33.48.89 - - [01/Dec/2025:00:57:14 +0300] "GET /wp-includes/rest-api/ HTTP/1.1" 500 7309 "https://www.google.de/" "Mozilla/5.0 (Linux; Android 13; SM-S908E) AppleWebKit/537.36 (KHTML, like Gecko) Chrome/116.0.0.0 Mobile Safari/537.36"
130.33.48.89 - - [01/Dec/2025:00:57:16 +0300] "GET /wp-includes/rest-api/endpoints/ HTTP/1.1" 500 7309 "https://www.yahoo.com/" "Mozilla/5.0 (iPhone; CPU iPhone OS 17_1_1 like Mac OS X) AppleWebKit/605.1.15 (KHTML, like Gecko) Version/17.1 Mobile/15E148 Safari/604.1"
130.33.48.89 - - [01/Dec/2025:00:57:19 +0300] "GET /wp-includes/rest-api/fields/ HTTP/1.1" 500 7309 "https://www.yahoo.com/" "Mozilla/5.0 (Linux; Android 10; K) AppleWebKit/537.36 (KHTML, like Gecko) Chrome/117.0.0.0 Mobile Safari/537.36"
130.33.48.89 - - [01/Dec/2025:00:57:20 +0300] "GET /wp-includes/rest-api/search/ HTTP/1.1" 500 7309 "https://www.bing.com/" "Mozilla/5.0 (Linux; Android 14; Pixel 8 Pro) AppleWebKit/537.36 (KHTML, like Gecko) Chrome/119.0.0.0 Mobile Safari/537.36"
130.33.48.89 - - [01/Dec/2025:00:57:22 +0300] "GET /wp-includes/sitemaps/ HTTP/1.1" 500 7309 "https://www.bing.com/" "Mozilla/5.0 (iPhone; CPU iPhone OS 17_1_1 like Mac OS X) AppleWebKit/605.1.15 (KHTML, like Gecko) Version/17.1 Mobile/15E148 Safari/604.1"
130.33.48.89 - - [01/Dec/2025:00:57:24 +0300] "GET /wp-includes/sitemaps/autoload_classmap.php HTTP/1.1" 500 7309 "https://www.google.de/" "Mozilla/5.0 (Linux; Android 13; SM-S908E) AppleWebKit/537.36 (KHTML, like Gecko) Chrome/116.0.0.0 Mobile Safari/537.36"
130.33.48.89 - - [01/Dec/2025:00:57:26 +0300] "GET /wp-includes/sitemaps/providers/ HTTP/1.1" 500 7309 "https://www.google.fr/" "Mozilla/5.g (Linux; Android 13; Pixel 7) AppleWebKit/537.36 (KHTML, like Gecko) Chrome/116.0.0.0 Mobile Safari/537.36"
130.33.48.89 - - [01/Dec/2025:00:57:29 +0300] "GET /wp-includes/sodium_compat/ HTTP/1.1" 500 7309 "https://duckduckgo.com/" "Mozilla/5.0 (Linux; Android 11; CPH2251) AppleWebKit/537.36 (KHTML, like Gecko) Chrome/116.0.0.0 Mobile Safari/537.36"
130.33.48.89 - - [01/Dec/2025:00:57:31 +0300] "GET /wp-includes/sodium_compat/index.php HTTP/1.1" 500 7309 "https://www.google.de/" "Mozilla/5.0 (Linux; Android 12; V2134) AppleWebKit/537.36 (KHTML, like Gecko) Chrome/116.0.0.0 Mobile Safari/537.36"
130.33.48.89 - - [01/Dec/2025:00:57:34 +0300] "GET /wp-includes/sodium_compat/src/ HTTP/1.1" 500 7309 "https://duckduckgo.com/" "Mozilla/5.0 (Linux; Android 11; 21081111RG) AppleWebKit/537.36 (KHTML, like Gecko) Chrome/116.0.0.0 Mobile Safari/537.36"
130.33.48.89 - - [01/Dec/2025:00:57:36 +0300] "GET /wp-includes/style-engine/index.php HTTP/1.1" 500 7309 "https://www.bing.com/" "Mozilla/5.0 (Linux; Android 13; M2101K6G) AppleWebKit/537.36 (KHTML, like Gecko) Chrome/116.0.0.0 Mobile Safari/537.36"
130.33.48.89 - - [01/Dec/2025:00:57:38 +0300] "GET /wp-includes/style-engine/wp-conflg.php HTTP/1.1" 500 7309 "https://www.google.de/" "Mozilla/5.0 (iPhone; CPU iPhone OS 17_1_1 like Mac OS X) AppleWebKit/605.1.15 (KHTML, like Gecko) Version/17.1 Mobile/15E148 Safari/604.1"
130.33.48.89 - - [01/Dec/2025:00:57:40 +0300] "GET /wp-includes/theme-compat/ HTTP/1.1" 500 7309 "https://www.bing.com/" "Mozilla/5.0 (Linux; Android 14; Pixel 8 Pro) AppleWebKit/537.36 (KHTML, like Gecko) Chrome/119.0.0.0 Mobile Safari/537.36"
130.33.48.89 - - [01/Dec/2025:00:57:58 +0300] "GET /wp-includes/widgets/autoload_classmap.php HTTP/1.1" 500 7309 "https://www.google.com/" "Mozilla/5.0 (iPhone; CPU iPhone OS 17_1_1 like Mac OS X) AppleWebKit/605.1.15 (KHTML, like Gecko) Version/17.1 Mobile/15E148 Safari/604.1"
130.33.48.89 - - [01/Dec/2025:00:57:59 +0300] "GET /wp-mail.php HTTP/1.1" 500 7309 "https://duckduckgo.com/" "Mozilla/5.0 (iPad; CPU OS 16_7_2 like Mac OS X) AppleWebKit/605.1.15 (KHTML, like Gecko) Version/16.6 Mobile/15E148 Safari/604.1"
130.33.48.89 - - [01/Dec/2025:00:58:01 +0300] "GET /wp-signin.php HTTP/1.1" 500 7309 "https://www.google.de/" "Mozilla/5.0 (iPhone; CPU iPhone OS 17_0_3 like Mac OS X) AppleWebKit/605.1.15 (KHTML, like Gecko) Version/17.0.1 Mobile/15E148 Safari/604.1"
130.33.48.89 - - [01/Dec/2025:00:58:03 +0300] "GET /wp-update.php HTTP/1.1" 500 7309 "https://www.google.com/" "Mozilla/5.0 (Linux; Android 13; SM-S908E) AppleWebKit/537.36 (KHTML, like Gecko) Chrome/116.0.0.0 Mobile Safari/537.36"
130.33.48.89 - - [01/Dec/2025:00:58:05 +0300] "GET /wp.php HTTP/1.1" 500 7309 "https://www.yahoo.com/" "Mozilla/5.0 (iPad; CPU OS 17_0_3 like Mac OS X) AppleWebKit/605.1.15 (KHTML, like Gecko) Version/17.0.1 Mobile/15E148 Safari/604.1"
130.33.48.89 - - [01/Dec/2025:00:58:08 +0300] "GET /xmrlpc.php HTTP/1.1" 500 7309 "https://www.google.co.uk/" "Mozilla/5.0 (Linux; Android 10; K) AppleWebKit/537.36 (KHTML, like Gecko) Chrome/117.0.0.0 Mobile Safari/537.36"
66.249.77.64 - - [01/Dec/2025:01:06:27 +0300] "GET /robots.txt HTTP/1.1" 500 7309 "-" "Mozilla/5.0 (compatible; Googlebot/2.1; +http://www.google.com/bot.html)"
66.249.77.65 - - [01/Dec/2025:01:06:30 +0300] "GET /?market=949741799 HTTP/1.1" 500 7309 "-" "Mozilla/5.0 (Linux; Android 6.0.1; Nexus 5X Build/MMB29P) AppleWebKit/537.36 (KHTML, like Gecko) Chrome/141.0.7390.122 Mobile Safari/537.36 (compatible; Googlebot/2.1; +http://www.google.com/bot.html)"
66.249.77.64 - - [01/Dec/2025:01:16:22 +0300] "GET /robots.txt HTTP/1.1" 500 7309 "-" "Mozilla/5.0 (compatible; Googlebot/2.1; +http://www.google.com/bot.html)"
66.249.77.64 - - [01/Dec/2025:01:16:22 +0300] "GET /?market=29224963 HTTP/1.1" 500 7309 "-" "Mozilla/5.0 (Linux; Android 6.0.1; Nexus 5X Build/MMB29P) AppleWebKit/537.36 (KHTML, like Gecko) Chrome/141.0.7390.122 Mobile Safari/537.36 (compatible; Googlebot/2.1; +http://www.google.com/bot.html)"
66.249.77.64 - - [01/Dec/2025:01:16:49 +0300] "GET /?market=29191607 HTTP/1.1" 500 7309 "-" "Mozilla/5.0 (Linux; Android 6.0.1; Nexus 5X Build/MMB29P) AppleWebKit/537.36 (KHTML, like Gecko) Chrome/141.0.7390.122 Mobile Safari/537.36 (compatible; Googlebot/2.1; +http://www.google.com/bot.html)"
66.249.77.64 - - [01/Dec/2025:01:17:00 +0300] "GET /?market=1133041175 HTTP/1.1" 500 7309 "-" "Mozilla/5.0 (Linux; Android 6.0.1; Nexus 5X Build/MMB29P) AppleWebKit/537.36 (KHTML, like Gecko) Chrome/141.0.7390.122 Mobile Safari/537.36 (compatible; Googlebot/2.1; +http://www.google.com/bot.html)"
66.249.77.64 - - [01/Dec/2025:01:18:54 +0300] "GET /robots.txt HTTP/1.1" 500 7309 "-" "Mozilla/5.0 (compatible; Googlebot/2.1; +http://www.google.com/bot.html)"
66.249.77.64 - - [01/Dec/2025:01:18:54 +0300] "GET /?market=1130226457 HTTP/1.1" 500 7309 "-" "Mozilla/5.0 (Linux; Android 6.0.1; Nexus 5X Build/MMB29P) AppleWebKit/537.36 (KHTML, like Gecko) Chrome/141.0.7390.122 Mobile Safari/537.36 (compatible; Googlebot/2.1; +http://www.google.com/bot.html)"
31.13.127.114 - - [01/Dec/2025:01:21:51 +0300] "GET / HTTP/1.1" 500 7309 "-" "facebookexternalhit/1.1 (+http://www.facebook.com/externalhit_uatext.php)"
69.171.249.117 - - [01/Dec/2025:01:22:03 +0300] "GET / HTTP/1.1" 500 7309 "-" "facebookexternalhit/1.1 (+http://www.facebook.com/externalhit_uatext.php)"
69.171.230.2 - - [01/Dec/2025:01:22:04 +0300] "GET / HTTP/1.1" 500 7309 "-" "facebookexternalhit/1.1 (+http://www.facebook.com/externalhit_uatext.php)"
173.252.79.10 - - [01/Dec/2025:01:22:04 +0300] "GET / HTTP/1.1" 500 7309 "-" "facebookexternalhit/1.1 (+http://www.facebook.com/externalhit_uatext.php)"
66.249.77.64 - - [01/Dec/2025:01:26:12 +0300] "GET /robots.txt HTTP/1.1" 500 7309 "-" "Mozilla/5.0 (compatible; Googlebot/2.1; +http://www.google.com/bot.html)"
66.249.77.64 - - [01/Dec/2025:01:26:12 +0300] "GET /?market=1131133053 HTTP/1.1" 500 7309 "-" "Mozilla/5.0 (Linux; Android 6.0.1; Nexus 5X Build/MMB29P) AppleWebKit/537.36 (KHTML, like Gecko) Chrome/141.0.7390.122 Mobile Safari/537.36 (compatible; Googlebot/2.1; +http://www.google.com/bot.html)"
66.249.77.64 - - [01/Dec/2025:01:26:18 +0300] "GET /?market=1132023288 HTTP/1.1" 500 7309 "-" "Mozilla/5.0 (Linux; Android 6.0.1; Nexus 5X Build/MMB29P) AppleWebKit/537.36 (KHTML, like Gecko) Chrome/141.0.7390.122 Mobile Safari/537.36 (compatible; Googlebot/2.1; +http://www.google.com/bot.html)"
66.249.77.64 - - [01/Dec/2025:01:28:51 +0300] "GET /robots.txt HTTP/1.1" 500 7309 "-" "Mozilla/5.0 (compatible; Googlebot/2.1; +http://www.google.com/bot.html)"
66.249.77.64 - - [01/Dec/2025:01:28:51 +0300] "GET /?market=1316314826 HTTP/1.1" 500 7309 "-" "Mozilla/5.0 (Linux; Android 6.0.1; Nexus 5X Build/MMB29P) AppleWebKit/537.36 (KHTML, like Gecko) Chrome/141.0.7390.122 Mobile Safari/537.36 (compatible; Googlebot/2.1; +http://www.google.com/bot.html)"
66.249.77.64 - - [01/Dec/2025:01:32:06 +0300] "GET /robots.txt HTTP/1.1" 500 7309 "-" "Mozilla/5.0 (compatible; Googlebot/2.1; +http://www.google.com/bot.html)"
66.249.77.64 - - [01/Dec/2025:01:32:06 +0300] "GET /?market=1316310080 HTTP/1.1" 500 7309 "-" "Mozilla/5.0 (Linux; Android 6.0.1; Nexus 5X Build/MMB29P) AppleWebKit/537.36 (KHTML, like Gecko) Chrome/141.0.7390.122 Mobile Safari/537.36 (compatible; Googlebot/2.1; +http://www.google.com/bot.html)"
31.13.115.3 - - [01/Dec/2025:01:32:08 +0300] "GET / HTTP/1.1" 500 7309 "-" "facebookexternalhit/1.1 (+http://www.facebook.com/externalhit_uatext.php)"
66.249.77.64 - - [01/Dec/2025:01:32:10 +0300] "GET /?market=1315965185 HTTP/1.1" 500 7309 "-" "Mozilla/5.0 (Linux; Android 6.0.1; Nexus 5X Build/MMB29P) AppleWebKit/537.36 (KHTML, like Gecko) Chrome/141.0.7390.122 Mobile Safari/537.36 (compatible; Googlebot/2.1; +http://www.google.com/bot.html)"
31.13.103.114 - - [01/Dec/2025:01:32:10 +0300] "GET / HTTP/1.1" 500 7309 "-" "facebookexternalhit/1.1 (+http://www.facebook.com/externalhit_uatext.php)"
31.13.103.10 - - [01/Dec/2025:01:32:10 +0300] "GET / HTTP/1.1" 500 7309 "-" "facebookexternalhit/1.1 (+http://www.facebook.com/externalhit_uatext.php)"
66.249.77.64 - - [01/Dec/2025:01:32:16 +0300] "GET /?market=1316136831 HTTP/1.1" 500 7309 "-" "Mozilla/5.0 (Linux; Android 6.0.1; Nexus 5X Build/MMB29P) AppleWebKit/537.36 (KHTML, like Gecko) Chrome/141.0.7390.122 Mobile Safari/537.36 (compatible; Googlebot/2.1; +http://www.google.com/bot.html)"
66.249.77.64 - - [01/Dec/2025:01:33:10 +0300] "GET /robots.txt HTTP/1.1" 500 7309 "-" "Mozilla/5.0 (compatible; Googlebot/2.1; +http://www.google.com/bot.html)"
66.249.77.64 - - [01/Dec/2025:01:33:10 +0300] "GET /?market=1133041750 HTTP/1.1" 500 7309 "-" "Mozilla/5.0 (Linux; Android 6.0.1; Nexus 5X Build/MMB29P) AppleWebKit/537.36 (KHTML, like Gecko) Chrome/141.0.7390.122 Mobile Safari/537.36 (compatible; Googlebot/2.1; +http://www.google.com/bot.html)"
66.249.77.64 - - [01/Dec/2025:01:33:56 +0300] "GET /?market=949841154 HTTP/1.1" 500 7309 "-" "Mozilla/5.0 (Linux; Android 6.0.1; Nexus 5X Build/MMB29P) AppleWebKit/537.36 (KHTML, like Gecko) Chrome/141.0.7390.122 Mobile Safari/537.36 (compatible; Googlebot/2.1; +http://www.google.com/bot.html)"
66.249.77.64 - - [01/Dec/2025:01:34:38 +0300] "GET /robots.txt HTTP/1.1" 500 7309 "-" "Mozilla/5.0 (compatible; Googlebot/2.1; +http://www.google.com/bot.html)"
66.249.77.64 - - [01/Dec/2025:01:34:38 +0300] "GET /?market=1316315980 HTTP/1.1" 500 7309 "-" "Mozilla/5.0 (Linux; Android 6.0.1; Nexus 5X Build/MMB29P) AppleWebKit/537.36 (KHTML, like Gecko) Chrome/141.0.7390.122 Mobile Safari/537.36 (compatible; Googlebot/2.1; +http://www.google.com/bot.html)"
66.249.77.64 - - [01/Dec/2025:01:36:14 +0300] "GET /robots.txt HTTP/1.1" 500 7309 "-" "Mozilla/5.0 (compatible; Googlebot/2.1; +http://www.google.com/bot.html)"
66.249.77.65 - - [01/Dec/2025:01:36:16 +0300] "GET /?market=1132207317 HTTP/1.1" 500 7309 "-" "Mozilla/5.0 (Linux; Android 6.0.1; Nexus 5X Build/MMB29P) AppleWebKit/537.36 (KHTML, like Gecko) Chrome/141.0.7390.122 Mobile Safari/537.36 (compatible; Googlebot/2.1; +http://www.google.com/bot.html)"
66.249.77.64 - - [01/Dec/2025:01:38:02 +0300] "GET /robots.txt HTTP/1.1" 500 7309 "-" "Mozilla/5.0 (compatible; Googlebot/2.1; +http://www.google.com/bot.html)"
66.249.77.64 - - [01/Dec/2025:01:38:04 +0300] "GET /?market=1133041620 HTTP/1.1" 500 7309 "-" "Mozilla/5.0 (Linux; Android 6.0.1; Nexus 5X Build/MMB29P) AppleWebKit/537.36 (KHTML, like Gecko) Chrome/141.0.7390.122 Mobile Safari/537.36 (compatible; Googlebot/2.1; +http://www.google.com/bot.html)"
66.249.77.64 - - [01/Dec/2025:01:38:34 +0300] "GET /?market=1317240278 HTTP/1.1" 500 7309 "-" "Mozilla/5.0 (Linux; Android 6.0.1; Nexus 5X Build/MMB29P) AppleWebKit/537.36 (KHTML, like Gecko) Chrome/141.0.7390.122 Mobile Safari/537.36 (compatible; Googlebot/2.1; +http://www.google.com/bot.html)"
66.249.77.64 - - [01/Dec/2025:01:40:30 +0300] "GET /?market=28871149 HTTP/1.1" 500 7309 "-" "Mozilla/5.0 (Linux; Android 6.0.1; Nexus 5X Build/MMB29P) AppleWebKit/537.36 (KHTML, like Gecko) Chrome/141.0.7390.122 Mobile Safari/537.36 (compatible; Googlebot/2.1; +http://www.google.com/bot.html)"
66.249.77.64 - - [01/Dec/2025:01:40:34 +0300] "GET /?market=28863965 HTTP/1.1" 500 7309 "-" "Mozilla/5.0 (Linux; Android 6.0.1; Nexus 5X Build/MMB29P) AppleWebKit/537.36 (KHTML, like Gecko) Chrome/141.0.7390.122 Mobile Safari/537.36 (compatible; Googlebot/2.1; +http://www.google.com/bot.html)"
35.245.182.66 - - [01/Dec/2025:01:40:38 +0300] "HEAD /wordpress/ HTTP/1.1" 500 - "-" "Mozilla/5.0 (X11; Linux x86_64) AppleWebKit/537.36 (KHTML, like Gecko) Chrome/121.0.6167.85 Safari/537.36"
35.245.182.66 - - [01/Dec/2025:01:40:38 +0300] "HEAD /new/ HTTP/1.1" 500 - "-" "Mozilla/5.0 (iPhone; CPU iPhone OS 17_4 like Mac OS X) AppleWebKit/605.1.15 (KHTML, like Gecko) Version/17.4 Mobile/15E148 Safari/604.1"
35.245.182.66 - - [01/Dec/2025:01:40:38 +0300] "HEAD /wp/ HTTP/1.1" 500 - "-" "Mozilla/5.0 (Windows NT 10.0; Win64; x64) AppleWebKit/537.36 (KHTML, like Gecko) Chrome/120.0.6099.224 Safari/537.36 OPR/106.0.0.0"
35.245.182.66 - - [01/Dec/2025:01:40:38 +0300] "HEAD /old/ HTTP/1.1" 500 - "-" "Mozilla/5.0 (Windows NT 6.1; Win64; x64) AppleWebKit/537.36 (KHTML, like Gecko) Chrome/109.0.5414.120 Safari/537.36"
35.245.182.66 - - [01/Dec/2025:01:40:39 +0300] "HEAD / HTTP/1.1" 500 - "-" "Mozilla/5.0 (Android 13; Mobile; rv:124.0) Gecko/124.0 Firefox/124.0"
35.245.182.66 - - [01/Dec/2025:01:40:39 +0300] "HEAD /backup/ HTTP/1.1" 500 - "-" "Mozilla/5.0 (X11; Ubuntu; Linux x86_64; rv:124.0) Gecko/20100101 Firefox/124.0"
35.245.182.66 - - [01/Dec/2025:01:40:39 +0300] "HEAD /blog/ HTTP/1.1" 500 - "-" "Mozilla/5.0 (X11; Linux x86_64) AppleWebKit/537.36 (KHTML, like Gecko) Chrome/121.0.6167.85 Safari/537.36"
66.249.77.64 - - [01/Dec/2025:01:41:22 +0300] "GET /?market=1132206738 HTTP/1.1" 500 7309 "-" "Mozilla/5.0 (Linux; Android 6.0.1; Nexus 5X Build/MMB29P) AppleWebKit/537.36 (KHTML, like Gecko) Chrome/141.0.7390.122 Mobile Safari/537.36 (compatible; Googlebot/2.1; +http://www.google.com/bot.html)"
66.249.77.64 - - [01/Dec/2025:01:41:22 +0300] "GET /robots.txt HTTP/1.1" 500 7309 "-" "Mozilla/5.0 (compatible; Googlebot/2.1; +http://www.google.com/bot.html)"
66.249.77.64 - - [01/Dec/2025:01:41:41 +0300] "GET /?market=1316241641 HTTP/1.1" 500 7309 "-" "Mozilla/5.0 (Linux; Android 6.0.1; Nexus 5X Build/MMB29P) AppleWebKit/537.36 (KHTML, like Gecko) Chrome/141.0.7390.122 Mobile Safari/537.36 (compatible; Googlebot/2.1; +http://www.google.com/bot.html)"
66.249.77.64 - - [01/Dec/2025:01:42:25 +0300] "GET /robots.txt HTTP/1.1" 500 7309 "-" "Mozilla/5.0 (compatible; Googlebot/2.1; +http://www.google.com/bot.html)"
66.249.77.64 - - [01/Dec/2025:01:42:25 +0300] "GET /?market=1130063407 HTTP/1.1" 500 7309 "-" "Mozilla/5.0 (Linux; Android 6.0.1; Nexus 5X Build/MMB29P) AppleWebKit/537.36 (KHTML, like Gecko) Chrome/141.0.7390.122 Mobile Safari/537.36 (compatible; Googlebot/2.1; +http://www.google.com/bot.html)"
66.249.77.64 - - [01/Dec/2025:01:42:55 +0300] "GET /?market=1130326519 HTTP/1.1" 500 7309 "-" "Mozilla/5.0 (Linux; Android 6.0.1; Nexus 5X Build/MMB29P) AppleWebKit/537.36 (KHTML, like Gecko) Chrome/141.0.7390.122 Mobile Safari/537.36 (compatible; Googlebot/2.1; +http://www.google.com/bot.html)"
66.249.77.64 - - [01/Dec/2025:01:43:41 +0300] "GET /robots.txt HTTP/1.1" 500 7309 "-" "Mozilla/5.0 (compatible; Googlebot/2.1; +http://www.google.com/bot.html)"
66.249.77.64 - - [01/Dec/2025:01:43:42 +0300] "GET /?market=28765057 HTTP/1.1" 500 7309 "-" "Mozilla/5.0 (Linux; Android 6.0.1; Nexus 5X Build/MMB29P) AppleWebKit/537.36 (KHTML, like Gecko) Chrome/141.0.7390.122 Mobile Safari/537.36 (compatible; Googlebot/2.1; +http://www.google.com/bot.html)"
66.249.77.64 - - [01/Dec/2025:01:43:49 +0300] "GET /?market=1131302708 HTTP/1.1" 500 7309 "-" "Mozilla/5.0 (Linux; Android 6.0.1; Nexus 5X Build/MMB29P) AppleWebKit/537.36 (KHTML, like Gecko) Chrome/141.0.7390.122 Mobile Safari/537.36 (compatible; Googlebot/2.1; +http://www.google.com/bot.html)"
66.249.77.64 - - [01/Dec/2025:01:44:01 +0300] "GET /?market=29168901 HTTP/1.1" 500 7309 "-" "Mozilla/5.0 (Linux; Android 6.0.1; Nexus 5X Build/MMB29P) AppleWebKit/537.36 (KHTML, like Gecko) Chrome/141.0.7390.122 Mobile Safari/537.36 (compatible; Googlebot/2.1; +http://www.google.com/bot.html)"
66.249.77.64 - - [01/Dec/2025:01:44:06 +0300] "GET /?market=24610525 HTTP/1.1" 500 7309 "-" "Mozilla/5.0 (Linux; Android 6.0.1; Nexus 5X Build/MMB29P) AppleWebKit/537.36 (KHTML, like Gecko) Chrome/141.0.7390.122 Mobile Safari/537.36 (compatible; Googlebot/2.1; +http://www.google.com/bot.html)"
66.249.77.64 - - [01/Dec/2025:01:44:19 +0300] "GET /?market=29203409 HTTP/1.1" 500 7309 "-" "Mozilla/5.0 (Linux; Android 6.0.1; Nexus 5X Build/MMB29P) AppleWebKit/537.36 (KHTML, like Gecko) Chrome/141.0.7390.122 Mobile Safari/537.36 (compatible; Googlebot/2.1; +http://www.google.com/bot.html)"
66.249.77.64 - - [01/Dec/2025:01:44:38 +0300] "GET /?market=28826440 HTTP/1.1" 500 7309 "-" "Mozilla/5.0 (Linux; Android 6.0.1; Nexus 5X Build/MMB29P) AppleWebKit/537.36 (KHTML, like Gecko) Chrome/141.0.7390.122 Mobile Safari/537.36 (compatible; Googlebot/2.1; +http://www.google.com/bot.html)"
66.249.77.64 - - [01/Dec/2025:01:44:42 +0300] "GET /robots.txt HTTP/1.1" 500 7309 "-" "Mozilla/5.0 (compatible; Googlebot/2.1; +http://www.google.com/bot.html)"
66.249.77.64 - - [01/Dec/2025:01:44:42 +0300] "GET /?market=28864095 HTTP/1.1" 500 7309 "-" "Mozilla/5.0 (Linux; Android 6.0.1; Nexus 5X Build/MMB29P) AppleWebKit/537.36 (KHTML, like Gecko) Chrome/141.0.7390.122 Mobile Safari/537.36 (compatible; Googlebot/2.1; +http://www.google.com/bot.html)"
66.249.77.64 - - [01/Dec/2025:01:44:49 +0300] "GET /urun/siyah-polar-mont/lost-password/ HTTP/1.1" 500 7309 "-" "Mozilla/5.0 (Linux; Android 6.0.1; Nexus 5X Build/MMB29P) AppleWebKit/537.36 (KHTML, like Gecko) Chrome/141.0.7390.122 Mobile Safari/537.36 (compatible; Googlebot/2.1; +http://www.google.com/bot.html)"
66.249.77.64 - - [01/Dec/2025:01:44:56 +0300] "GET /urunler/page/4/?orderby=price HTTP/1.1" 500 7309 "-" "Mozilla/5.0 (Linux; Android 6.0.1; Nexus 5X Build/MMB29P) AppleWebKit/537.36 (KHTML, like Gecko) Chrome/141.0.7390.122 Mobile Safari/537.36 (compatible; Googlebot/2.1; +http://www.google.com/bot.html)"
66.249.77.64 - - [01/Dec/2025:01:44:59 +0300] "GET /?market=1132149522 HTTP/1.1" 500 7309 "-" "Mozilla/5.0 (Linux; Android 6.0.1; Nexus 5X Build/MMB29P) AppleWebKit/537.36 (KHTML, like Gecko) Chrome/141.0.7390.122 Mobile Safari/537.36 (compatible; Googlebot/2.1; +http://www.google.com/bot.html)"
66.249.77.64 - - [01/Dec/2025:01:46:25 +0300] "GET /?market=1132216230 HTTP/1.1" 500 7309 "-" "Mozilla/5.0 (Linux; Android 6.0.1; Nexus 5X Build/MMB29P) AppleWebKit/537.36 (KHTML, like Gecko) Chrome/141.0.7390.122 Mobile Safari/537.36 (compatible; Googlebot/2.1; +http://www.google.com/bot.html)"
66.249.77.64 - - [01/Dec/2025:01:46:25 +0300] "GET /robots.txt HTTP/1.1" 500 7309 "-" "Mozilla/5.0 (compatible; Googlebot/2.1; +http://www.google.com/bot.html)"
62.60.131.254 - - [01/Dec/2025:01:48:25 +0300] "GET / HTTP/1.1" 500 7309 "-" "Mozilla/5.0 (Macintosh; Intel Mac OS X 10_15_7) AppleWebKit/605.1.15 (KHTML, like Gecko) Version/15.5 Safari/605.1.15"
112.86.225.61 - - [01/Dec/2025:01:53:59 +0300] "GET / HTTP/1.1" 200 161410 "-" "Sogou web spider/4.0(+http://www.sogou.com/docs/help/webmasters.htm#07)"
66.249.77.65 - - [01/Dec/2025:01:54:44 +0300] "GET /robots.txt HTTP/1.1" 200 87 "-" "Mozilla/5.0 (compatible; Googlebot/2.1; +http://www.google.com/bot.html)"
66.249.77.64 - - [01/Dec/2025:01:54:44 +0300] "GET /?market=1132035799 HTTP/1.1" 200 234786 "-" "Mozilla/5.0 (Linux; Android 6.0.1; Nexus 5X Build/MMB29P) AppleWebKit/537.36 (KHTML, like Gecko) Chrome/141.0.7390.122 Mobile Safari/537.36 (compatible; Googlebot/2.1; +http://www.google.com/bot.html)"
66.249.77.64 - - [01/Dec/2025:01:56:12 +0300] "GET /robots.txt HTTP/1.1" 200 87 "-" "Mozilla/5.0 (compatible; Googlebot/2.1; +http://www.google.com/bot.html)"
66.249.77.64 - - [01/Dec/2025:01:56:13 +0300] "GET /?market=1130281235 HTTP/1.1" 200 204809 "-" "Mozilla/5.0 (Linux; Android 6.0.1; Nexus 5X Build/MMB29P) AppleWebKit/537.36 (KHTML, like Gecko) Chrome/141.0.7390.122 Mobile Safari/537.36 (compatible; Googlebot/2.1; +http://www.google.com/bot.html)"
66.249.77.64 - - [01/Dec/2025:01:59:22 +0300] "GET /robots.txt HTTP/1.1" 200 87 "-" "Mozilla/5.0 (compatible; Googlebot/2.1; +http://www.google.com/bot.html)"
66.249.77.64 - - [01/Dec/2025:01:59:24 +0300] "GET /?market=1130027036 HTTP/1.1" 200 209633 "-" "Mozilla/5.0 (Linux; Android 6.0.1; Nexus 5X Build/MMB29P) AppleWebKit/537.36 (KHTML, like Gecko) Chrome/141.0.7390.122 Mobile Safari/537.36 (compatible; Googlebot/2.1; +http://www.google.com/bot.html)"
114.119.142.94 - - [01/Dec/2025:02:04:13 +0300] "GET /urun/gri-yelek?path=/home/batigun/public_html/wp-includes HTTP/1.1" 200 342730 "http://www.batiguntekstil.com/urun/gri-yelek" "Mozilla/5.0 (Linux; Android 7.0;) AppleWebKit/537.36 (KHTML, like Gecko) Mobile Safari/537.36 (compatible; PetalBot;+https://webmaster.petalsearch.com/site/petalbot)"
114.119.133.166 - - [01/Dec/2025:02:06:48 +0300] "GET /urun/gri-yelek?path=/home/batigun/public_html/mail HTTP/1.1" 200 18683 "http://www.batiguntekstil.com/urun/gri-yelek" "Mozilla/5.0 (Linux; Android 7.0;) AppleWebKit/537.36 (KHTML, like Gecko) Mobile Safari/537.36 (compatible; PetalBot;+https://webmaster.petalsearch.com/site/petalbot)"
66.249.77.65 - - [01/Dec/2025:02:09:58 +0300] "GET /?market=1132185893 HTTP/1.1" 200 231694 "-" "Mozilla/5.0 (Linux; Android 6.0.1; Nexus 5X Build/MMB29P) AppleWebKit/537.36 (KHTML, like Gecko) Chrome/141.0.7390.122 Mobile Safari/537.36 (compatible; Googlebot/2.1; +http://www.google.com/bot.html)"
31.13.115.114 - - [01/Dec/2025:02:14:27 +0300] "GET / HTTP/1.1" 200 161410 "-" "facebookexternalhit/1.1 (+http://www.facebook.com/externalhit_uatext.php)"
43.130.72.40 - - [01/Dec/2025:02:15:16 +0300] "GET / HTTP/1.1" 200 161410 "-" "Mozilla/5.0 (iPhone; CPU iPhone OS 13_2_3 like Mac OS X) AppleWebKit/605.1.15 (KHTML, like Gecko) Version/13.0.3 Mobile/15E148 Safari/604.1"
66.249.77.65 - - [01/Dec/2025:02:16:50 +0300] "GET /?market=949474965 HTTP/1.1" 200 214641 "-" "Mozilla/5.0 (Linux; Android 6.0.1; Nexus 5X Build/MMB29P) AppleWebKit/537.36 (KHTML, like Gecko) Chrome/141.0.7390.122 Mobile Safari/537.36 (compatible; Googlebot/2.1; +http://www.google.com/bot.html)"
66.249.77.65 - - [01/Dec/2025:02:17:38 +0300] "GET /urun/fosforlu-sari-reflektorlu-yelek/lost-password/ HTTP/1.1" 200 209435 "-" "Mozilla/5.0 (Linux; Android 6.0.1; Nexus 5X Build/MMB29P) AppleWebKit/537.36 (KHTML, like Gecko) Chrome/141.0.7390.122 Mobile Safari/537.36 (compatible; Googlebot/2.1; +http://www.google.com/bot.html)"
66.249.77.64 - - [01/Dec/2025:02:18:15 +0300] "GET /?market=1316327465 HTTP/1.1" 200 222146 "-" "Mozilla/5.0 (Linux; Android 6.0.1; Nexus 5X Build/MMB29P) AppleWebKit/537.36 (KHTML, like Gecko) Chrome/141.0.7390.122 Mobile Safari/537.36 (compatible; Googlebot/2.1; +http://www.google.com/bot.html)"
66.249.77.64 - - [01/Dec/2025:02:27:17 +0300] "GET /?market=1316301740 HTTP/1.1" 200 209357 "-" "Mozilla/5.0 (Linux; Android 6.0.1; Nexus 5X Build/MMB29P) AppleWebKit/537.36 (KHTML, like Gecko) Chrome/141.0.7390.122 Mobile Safari/537.36 (compatible; Googlebot/2.1; +http://www.google.com/bot.html)"
40.77.167.132 - - [01/Dec/2025:02:28:09 +0300] "GET /wp-content/uploads/2017/05/batigun-logo-ufak.png HTTP/1.1" 200 11553 "-" "Mozilla/5.0 AppleWebKit/537.36 (KHTML, like Gecko; compatible; bingbot/2.0; +http://www.bing.com/bingbot.htm) Chrome/116.0.1938.76 Safari/537.36"
101.33.55.204 - - [01/Dec/2025:02:28:35 +0300] "GET /?path=/home/batigun/public_html/wp-content HTTP/1.1" 200 30256 "-" "Mozilla/5.0 (iPhone; CPU iPhone OS 13_2_3 like Mac OS X) AppleWebKit/605.1.15 (KHTML, like Gecko) Version/13.0.3 Mobile/15E148 Safari/604.1"
66.249.77.65 - - [01/Dec/2025:02:28:37 +0300] "GET /?market=1130019147 HTTP/1.1" 200 214764 "-" "Mozilla/5.0 (Linux; Android 6.0.1; Nexus 5X Build/MMB29P) AppleWebKit/537.36 (KHTML, like Gecko) Chrome/141.0.7390.122 Mobile Safari/537.36 (compatible; Googlebot/2.1; +http://www.google.com/bot.html)"
43.130.37.243 - - [01/Dec/2025:02:36:22 +0300] "GET /?path=/home/batigun/public_html/wp2 HTTP/1.1" 200 17219 "-" "Mozilla/5.0 (iPhone; CPU iPhone OS 13_2_3 like Mac OS X) AppleWebKit/605.1.15 (KHTML, like Gecko) Version/13.0.3 Mobile/15E148 Safari/604.1"
66.249.77.64 - - [01/Dec/2025:02:41:50 +0300] "GET /?market=1316273262 HTTP/1.1" 200 207988 "-" "Mozilla/5.0 (Linux; Android 6.0.1; Nexus 5X Build/MMB29P) AppleWebKit/537.36 (KHTML, like Gecko) Chrome/141.0.7390.122 Mobile Safari/537.36 (compatible; Googlebot/2.1; +http://www.google.com/bot.html)"
43.156.232.190 - - [01/Dec/2025:02:48:54 +0300] "GET /?fileloc=/home/batigun/public_html/.accept&path=/home/batigun/public_html HTTP/1.1" 200 12369 "-" "Mozilla/5.0 (iPhone; CPU iPhone OS 13_2_3 like Mac OS X) AppleWebKit/605.1.15 (KHTML, like Gecko) Version/13.0.3 Mobile/15E148 Safari/604.1"
66.249.77.65 - - [01/Dec/2025:02:49:54 +0300] "GET /?market=1132212638 HTTP/1.1" 200 221046 "-" "Mozilla/5.0 (Linux; Android 6.0.1; Nexus 5X Build/MMB29P) AppleWebKit/537.36 (KHTML, like Gecko) Chrome/141.0.7390.122 Mobile Safari/537.36 (compatible; Googlebot/2.1; +http://www.google.com/bot.html)"
66.249.77.64 - - [01/Dec/2025:02:51:58 +0300] "GET /?market=886331386 HTTP/1.1" 200 208793 "-" "Mozilla/5.0 (Linux; Android 6.0.1; Nexus 5X Build/MMB29P) AppleWebKit/537.36 (KHTML, like Gecko) Chrome/141.0.7390.122 Mobile Safari/537.36 (compatible; Googlebot/2.1; +http://www.google.com/bot.html)"
43.135.145.77 - - [01/Dec/2025:02:57:59 +0300] "GET /?fileloc=/home/batigun/public_html/.classes&path=/home/batigun/public_html HTTP/1.1" 200 12370 "-" "Mozilla/5.0 (iPhone; CPU iPhone OS 13_2_3 like Mac OS X) AppleWebKit/605.1.15 (KHTML, like Gecko) Version/13.0.3 Mobile/15E148 Safari/604.1"
159.89.47.32 - - [01/Dec/2025:03:00:05 +0300] "GET /.git/config HTTP/1.1" 403 161410 "-" "Mozilla/5.0 (X11; Linux x86_64) AppleWebKit/537.36 (KHTML, like Gecko) Chrome/81.0.4044.129 Safari/537.36"
52.167.144.238 - - [01/Dec/2025:03:04:34 +0300] "GET /urun/siyah-dugmeli-yaka-t-shirt/ HTTP/1.1" 200 216868 "-" "Mozilla/5.0 AppleWebKit/537.36 (KHTML, like Gecko; compatible; bingbot/2.0; +http://www.bing.com/bingbot.htm) Chrome/116.0.1938.76 Safari/537.36"
43.157.67.70 - - [01/Dec/2025:03:08:10 +0300] "GET /?fileloc=/home/batigun/public_html/.dba_insertion&path=/home/batigun/public_html HTTP/1.1" 200 12376 "-" "Mozilla/5.0 (iPhone; CPU iPhone OS 13_2_3 like Mac OS X) AppleWebKit/605.1.15 (KHTML, like Gecko) Version/13.0.3 Mobile/15E148 Safari/604.1"
49.51.180.2 - - [01/Dec/2025:03:18:00 +0300] "GET /?fileloc=/home/batigun/public_html/.htaccess&path=/home/batigun/public_html HTTP/1.1" 200 12582 "-" "Mozilla/5.0 (iPhone; CPU iPhone OS 13_2_3 like Mac OS X) AppleWebKit/605.1.15 (KHTML, like Gecko) Version/13.0.3 Mobile/15E148 Safari/604.1"
66.249.77.64 - - [01/Dec/2025:03:21:30 +0300] "GET /?market=1130054939 HTTP/1.1" 200 207244 "-" "Mozilla/5.0 (Linux; Android 6.0.1; Nexus 5X Build/MMB29P) AppleWebKit/537.36 (KHTML, like Gecko) Chrome/141.0.7390.122 Mobile Safari/537.36 (compatible; Googlebot/2.1; +http://www.google.com/bot.html)"
66.249.77.64 - - [01/Dec/2025:03:25:22 +0300] "GET /?market=1317240987 HTTP/1.1" 200 215655 "-" "Mozilla/5.0 (Linux; Android 6.0.1; Nexus 5X Build/MMB29P) AppleWebKit/537.36 (KHTML, like Gecko) Chrome/141.0.7390.122 Mobile Safari/537.36 (compatible; Googlebot/2.1; +http://www.google.com/bot.html)"
66.249.77.64 - - [01/Dec/2025:03:25:29 +0300] "GET /?market=1317218984 HTTP/1.1" 200 219316 "-" "Mozilla/5.0 (Linux; Android 6.0.1; Nexus 5X Build/MMB29P) AppleWebKit/537.36 (KHTML, like Gecko) Chrome/141.0.7390.122 Mobile Safari/537.36 (compatible; Googlebot/2.1; +http://www.google.com/bot.html)"
66.249.77.65 - - [01/Dec/2025:03:25:45 +0300] "GET /?market=1316282626 HTTP/1.1" 200 207185 "-" "Mozilla/5.0 (Linux; Android 6.0.1; Nexus 5X Build/MMB29P) AppleWebKit/537.36 (KHTML, like Gecko) Chrome/141.0.7390.122 Mobile Safari/537.36 (compatible; Googlebot/2.1; +http://www.google.com/bot.html)"
49.51.52.250 - - [01/Dec/2025:03:28:36 +0300] "GET /?fileloc=/home/batigun/public_html/wp-content/php.ini&path=/home/batigun/public_html/wp-content HTTP/1.1" 200 12553 "-" "Mozilla/5.0 (iPhone; CPU iPhone OS 13_2_3 like Mac OS X) AppleWebKit/605.1.15 (KHTML, like Gecko) Version/13.0.3 Mobile/15E148 Safari/604.1"
40.77.167.41 - - [01/Dec/2025:03:32:56 +0300] "GET /wp-content/uploads/2017/03/IMG_2199-Kopyala-280x280.jpg HTTP/1.1" 200 8312 "-" "Mozilla/5.0 AppleWebKit/537.36 (KHTML, like Gecko; compatible; bingbot/2.0; +http://www.bing.com/bingbot.htm) Chrome/116.0.1938.76 Safari/537.36"
43.130.34.74 - - [01/Dec/2025:03:38:40 +0300] "GET /?fileloc=/home/batigun/public_html/wp2/.htaccess&path=/home/batigun/public_html/wp2 HTTP/1.1" 200 12568 "-" "Mozilla/5.0 (iPhone; CPU iPhone OS 13_2_3 like Mac OS X) AppleWebKit/605.1.15 (KHTML, like Gecko) Version/13.0.3 Mobile/15E148 Safari/604.1"
17.246.23.238 - - [01/Dec/2025:03:39:37 +0300] "GET /robots.txt HTTP/1.1" 200 87 "-" "Mozilla/5.0 (Macintosh; Intel Mac OS X 10_15_7) AppleWebKit/605.1.15 (KHTML, like Gecko) Version/17.4 Safari/605.1.15 (Applebot/0.1; +http://www.apple.com/go/applebot)"
17.246.23.238 - - [01/Dec/2025:03:39:38 +0300] "GET /urun/pembe-sweatshirt/lost-password/ HTTP/1.1" 200 161410 "-" "Mozilla/5.0 (Macintosh; Intel Mac OS X 10_15_7) AppleWebKit/605.1.15 (KHTML, like Gecko) Version/17.4 Safari/605.1.15 (Applebot/0.1; +http://www.apple.com/go/applebot)"
66.249.77.64 - - [01/Dec/2025:03:44:37 +0300] "GET /?market=1318600750 HTTP/1.1" 200 209878 "-" "Mozilla/5.0 (Linux; Android 6.0.1; Nexus 5X Build/MMB29P) AppleWebKit/537.36 (KHTML, like Gecko) Chrome/141.0.7390.122 Mobile Safari/537.36 (compatible; Googlebot/2.1; +http://www.google.com/bot.html)"
66.249.77.65 - - [01/Dec/2025:03:45:33 +0300] "GET /?market=1318616723 HTTP/1.1" 200 208203 "-" "Mozilla/5.0 (Linux; Android 6.0.1; Nexus 5X Build/MMB29P) AppleWebKit/537.36 (KHTML, like Gecko) Chrome/141.0.7390.122 Mobile Safari/537.36 (compatible; Googlebot/2.1; +http://www.google.com/bot.html)"
66.249.77.64 - - [01/Dec/2025:03:46:23 +0300] "GET /?market=1316258764 HTTP/1.1" 200 206380 "-" "Mozilla/5.0 (Linux; Android 6.0.1; Nexus 5X Build/MMB29P) AppleWebKit/537.36 (KHTML, like Gecko) Chrome/141.0.7390.122 Mobile Safari/537.36 (compatible; Googlebot/2.1; +http://www.google.com/bot.html)"
17.246.19.76 - - [01/Dec/2025:03:46:48 +0300] "GET /urun/kirmizi-polar-2/lost-password/ HTTP/1.1" 200 161410 "-" "Mozilla/5.0 (Macintosh; Intel Mac OS X 10_15_7) AppleWebKit/605.1.15 (KHTML, like Gecko) Version/17.4 Safari/605.1.15 (Applebot/0.1; +http://www.apple.com/go/applebot)"
66.249.77.64 - - [01/Dec/2025:03:47:25 +0300] "GET /?market=1317643547 HTTP/1.1" 200 212907 "-" "Mozilla/5.0 (Linux; Android 6.0.1; Nexus 5X Build/MMB29P) AppleWebKit/537.36 (KHTML, like Gecko) Chrome/141.0.7390.122 Mobile Safari/537.36 (compatible; Googlebot/2.1; +http://www.google.com/bot.html)"
66.249.77.64 - - [01/Dec/2025:03:47:47 +0300] "GET /?market=1317730525 HTTP/1.1" 200 213669 "-" "Mozilla/5.0 (Linux; Android 6.0.1; Nexus 5X Build/MMB29P) AppleWebKit/537.36 (KHTML, like Gecko) Chrome/141.0.7390.122 Mobile Safari/537.36 (compatible; Googlebot/2.1; +http://www.google.com/bot.html)"
66.249.77.66 - - [01/Dec/2025:03:47:56 +0300] "GET /?market=1318069969 HTTP/1.1" 200 221787 "-" "Mozilla/5.0 (Linux; Android 6.0.1; Nexus 5X Build/MMB29P) AppleWebKit/537.36 (KHTML, like Gecko) Chrome/141.0.7390.122 Mobile Safari/537.36 (compatible; Googlebot/2.1; +http://www.google.com/bot.html)"
66.249.77.66 - - [01/Dec/2025:03:47:57 +0300] "GET /?market=1317641814 HTTP/1.1" 200 220819 "-" "Mozilla/5.0 (Linux; Android 6.0.1; Nexus 5X Build/MMB29P) AppleWebKit/537.36 (KHTML, like Gecko) Chrome/141.0.7390.122 Mobile Safari/537.36 (compatible; Googlebot/2.1; +http://www.google.com/bot.html)"
66.249.77.65 - - [01/Dec/2025:03:48:00 +0300] "GET /?market=1317731100 HTTP/1.1" 200 213043 "-" "Mozilla/5.0 (Linux; Android 6.0.1; Nexus 5X Build/MMB29P) AppleWebKit/537.36 (KHTML, like Gecko) Chrome/141.0.7390.122 Mobile Safari/537.36 (compatible; Googlebot/2.1; +http://www.google.com/bot.html)"
66.249.77.64 - - [01/Dec/2025:03:57:37 +0300] "GET /?market=1316262356 HTTP/1.1" 200 223390 "-" "Mozilla/5.0 (Linux; Android 6.0.1; Nexus 5X Build/MMB29P) AppleWebKit/537.36 (KHTML, like Gecko) Chrome/141.0.7390.122 Mobile Safari/537.36 (compatible; Googlebot/2.1; +http://www.google.com/bot.html)"
66.249.77.64 - - [01/Dec/2025:03:57:45 +0300] "GET /?market=1316120730 HTTP/1.1" 200 214223 "-" "Mozilla/5.0 (Linux; Android 6.0.1; Nexus 5X Build/MMB29P) AppleWebKit/537.36 (KHTML, like Gecko) Chrome/141.0.7390.122 Mobile Safari/537.36 (compatible; Googlebot/2.1; +http://www.google.com/bot.html)"
66.249.77.64 - - [01/Dec/2025:03:58:55 +0300] "GET /?market=1316233878 HTTP/1.1" 200 214240 "-" "Mozilla/5.0 (Linux; Android 6.0.1; Nexus 5X Build/MMB29P) AppleWebKit/537.36 (KHTML, like Gecko) Chrome/141.0.7390.122 Mobile Safari/537.36 (compatible; Googlebot/2.1; +http://www.google.com/bot.html)"
66.249.77.64 - - [01/Dec/2025:03:58:58 +0300] "GET /?market=1130085276 HTTP/1.1" 200 213092 "-" "Mozilla/5.0 (Linux; Android 6.0.1; Nexus 5X Build/MMB29P) AppleWebKit/537.36 (KHTML, like Gecko) Chrome/141.0.7390.122 Mobile Safari/537.36 (compatible; Googlebot/2.1; +http://www.google.com/bot.html)"
66.249.77.64 - - [01/Dec/2025:04:03:57 +0300] "GET /?market=1130260386 HTTP/1.1" 200 206781 "-" "Mozilla/5.0 (Linux; Android 6.0.1; Nexus 5X Build/MMB29P) AppleWebKit/537.36 (KHTML, like Gecko) Chrome/141.0.7390.122 Mobile Safari/537.36 (compatible; Googlebot/2.1; +http://www.google.com/bot.html)"
66.249.77.65 - - [01/Dec/2025:04:06:07 +0300] "GET /?market=1318073561 HTTP/1.1" 200 207411 "-" "Mozilla/5.0 (Linux; Android 6.0.1; Nexus 5X Build/MMB29P) AppleWebKit/537.36 (KHTML, like Gecko) Chrome/141.0.7390.122 Mobile Safari/537.36 (compatible; Googlebot/2.1; +http://www.google.com/bot.html)"
66.249.77.64 - - [01/Dec/2025:04:15:47 +0300] "GET /?market=1317218409 HTTP/1.1" 200 205947 "-" "Mozilla/5.0 (Linux; Android 6.0.1; Nexus 5X Build/MMB29P) AppleWebKit/537.36 (KHTML, like Gecko) Chrome/141.0.7390.122 Mobile Safari/537.36 (compatible; Googlebot/2.1; +http://www.google.com/bot.html)"
66.249.77.64 - - [01/Dec/2025:04:18:52 +0300] "GET /?market=1131910270 HTTP/1.1" 200 227688 "-" "Mozilla/5.0 (Linux; Android 6.0.1; Nexus 5X Build/MMB29P) AppleWebKit/537.36 (KHTML, like Gecko) Chrome/141.0.7390.122 Mobile Safari/537.36 (compatible; Googlebot/2.1; +http://www.google.com/bot.html)"
66.249.77.65 - - [01/Dec/2025:04:24:04 +0300] "GET /?market=1130336588 HTTP/1.1" 200 206818 "-" "Mozilla/5.0 (Linux; Android 6.0.1; Nexus 5X Build/MMB29P) AppleWebKit/537.36 (KHTML, like Gecko) Chrome/141.0.7390.122 Mobile Safari/537.36 (compatible; Googlebot/2.1; +http://www.google.com/bot.html)"
114.96.103.33 - - [01/Dec/2025:04:31:07 +0300] "GET / HTTP/1.1" 200 161410 "-" "Mozilla/5.0 (iPhone; CPU iPhone OS 13_2_3 like Mac OS X) AppleWebKit/605.1.15 (KHTML, like Gecko) Version/13.0.3 Mobile/15E148 Safari/604.1"
66.249.77.64 - - [01/Dec/2025:04:36:33 +0300] "GET /?market=949597735 HTTP/1.1" 200 218063 "-" "Mozilla/5.0 (Linux; Android 6.0.1; Nexus 5X Build/MMB29P) AppleWebKit/537.36 (KHTML, like Gecko) Chrome/141.0.7390.122 Mobile Safari/537.36 (compatible; Googlebot/2.1; +http://www.google.com/bot.html)"
66.249.77.64 - - [01/Dec/2025:04:41:11 +0300] "GET /?market=1316042669 HTTP/1.1" 200 213447 "-" "Mozilla/5.0 (Linux; Android 6.0.1; Nexus 5X Build/MMB29P) AppleWebKit/537.36 (KHTML, like Gecko) Chrome/141.0.7390.122 Mobile Safari/537.36 (compatible; Googlebot/2.1; +http://www.google.com/bot.html)"
66.249.77.64 - - [01/Dec/2025:04:47:20 +0300] "GET /?market=25229308 HTTP/1.1" 200 217095 "-" "Mozilla/5.0 (Linux; Android 6.0.1; Nexus 5X Build/MMB29P) AppleWebKit/537.36 (KHTML, like Gecko) Chrome/141.0.7390.122 Mobile Safari/537.36 (compatible; Googlebot/2.1; +http://www.google.com/bot.html)"
66.249.77.64 - - [01/Dec/2025:04:48:30 +0300] "GET /?market=1316978320 HTTP/1.1" 200 206921 "-" "Mozilla/5.0 (Linux; Android 6.0.1; Nexus 5X Build/MMB29P) AppleWebKit/537.36 (KHTML, like Gecko) Chrome/141.0.7390.122 Mobile Safari/537.36 (compatible; Googlebot/2.1; +http://www.google.com/bot.html)"
66.249.77.64 - - [01/Dec/2025:04:52:46 +0300] "GET /?market=1130026906 HTTP/1.1" 200 213942 "-" "Mozilla/5.0 (Linux; Android 6.0.1; Nexus 5X Build/MMB29P) AppleWebKit/537.36 (KHTML, like Gecko) Chrome/141.0.7390.122 Mobile Safari/537.36 (compatible; Googlebot/2.1; +http://www.google.com/bot.html)"
66.249.77.66 - - [01/Dec/2025:05:01:08 +0300] "GET /?market=1130193678 HTTP/1.1" 200 222878 "-" "Mozilla/5.0 (Linux; Android 6.0.1; Nexus 5X Build/MMB29P) AppleWebKit/537.36 (KHTML, like Gecko) Chrome/141.0.7390.122 Mobile Safari/537.36 (compatible; Googlebot/2.1; +http://www.google.com/bot.html)"
49.48.129.89 - - [01/Dec/2025:05:03:25 +0300] "GET /wp-json/wp/v2/posts HTTP/1.1" 200 161410 "-" "Mozilla/5.0 (Windows NT 10.0; Win64; x64) AppleWebKit/537.36 (KHTML, like Gecko) Chrome/120.0.0.0 Safari/537.36"
66.249.77.64 - - [01/Dec/2025:05:03:26 +0300] "GET /?market=24617130 HTTP/1.1" 200 203848 "-" "Mozilla/5.0 (Linux; Android 6.0.1; Nexus 5X Build/MMB29P) AppleWebKit/537.36 (KHTML, like Gecko) Chrome/141.0.7390.122 Mobile Safari/537.36 (compatible; Googlebot/2.1; +http://www.google.com/bot.html)"
66.249.77.65 - - [01/Dec/2025:05:03:37 +0300] "GET /?market=1130118760 HTTP/1.1" 200 227859 "-" "Mozilla/5.0 (Linux; Android 6.0.1; Nexus 5X Build/MMB29P) AppleWebKit/537.36 (KHTML, like Gecko) Chrome/141.0.7390.122 Mobile Safari/537.36 (compatible; Googlebot/2.1; +http://www.google.com/bot.html)"
66.249.77.64 - - [01/Dec/2025:05:03:43 +0300] "GET /?market=1316269670 HTTP/1.1" 200 214497 "-" "Mozilla/5.0 (Linux; Android 6.0.1; Nexus 5X Build/MMB29P) AppleWebKit/537.36 (KHTML, like Gecko) Chrome/141.0.7390.122 Mobile Safari/537.36 (compatible; Googlebot/2.1; +http://www.google.com/bot.html)"
66.249.77.65 - - [01/Dec/2025:05:05:32 +0300] "GET /?market=1316021375 HTTP/1.1" 200 206461 "-" "Mozilla/5.0 (Linux; Android 6.0.1; Nexus 5X Build/MMB29P) AppleWebKit/537.36 (KHTML, like Gecko) Chrome/141.0.7390.122 Mobile Safari/537.36 (compatible; Googlebot/2.1; +http://www.google.com/bot.html)"
66.249.77.64 - - [01/Dec/2025:05:05:38 +0300] "GET /?market=1316171341 HTTP/1.1" 200 212969 "-" "Mozilla/5.0 (Linux; Android 6.0.1; Nexus 5X Build/MMB29P) AppleWebKit/537.36 (KHTML, like Gecko) Chrome/141.0.7390.122 Mobile Safari/537.36 (compatible; Googlebot/2.1; +http://www.google.com/bot.html)"
66.249.77.64 - - [01/Dec/2025:05:05:42 +0300] "GET /?market=1316164860 HTTP/1.1" 200 208953 "-" "Mozilla/5.0 (Linux; Android 6.0.1; Nexus 5X Build/MMB29P) AppleWebKit/537.36 (KHTML, like Gecko) Chrome/141.0.7390.122 Mobile Safari/537.36 (compatible; Googlebot/2.1; +http://www.google.com/bot.html)"
66.249.77.66 - - [01/Dec/2025:05:07:57 +0300] "GET /?market=1317232649 HTTP/1.1" 200 223206 "-" "Mozilla/5.0 (Linux; Android 6.0.1; Nexus 5X Build/MMB29P) AppleWebKit/537.36 (KHTML, like Gecko) Chrome/141.0.7390.122 Mobile Safari/537.36 (compatible; Googlebot/2.1; +http://www.google.com/bot.html)"
66.249.77.64 - - [01/Dec/2025:05:08:30 +0300] "GET /?market=29188590 HTTP/1.1" 200 224291 "-" "Mozilla/5.0 (Linux; Android 6.0.1; Nexus 5X Build/MMB29P) AppleWebKit/537.36 (KHTML, like Gecko) Chrome/141.0.7390.122 Mobile Safari/537.36 (compatible; Googlebot/2.1; +http://www.google.com/bot.html)"
66.249.77.64 - - [01/Dec/2025:05:09:19 +0300] "GET /?market=1318072277 HTTP/1.1" 200 213271 "-" "Mozilla/5.0 (Linux; Android 6.0.1; Nexus 5X Build/MMB29P) AppleWebKit/537.36 (KHTML, like Gecko) Chrome/141.0.7390.122 Mobile Safari/537.36 (compatible; Googlebot/2.1; +http://www.google.com/bot.html)"
43.133.253.253 - - [01/Dec/2025:05:09:25 +0300] "GET / HTTP/1.1" 200 161410 "-" "Mozilla/5.0 (iPhone; CPU iPhone OS 13_2_3 like Mac OS X) AppleWebKit/605.1.15 (KHTML, like Gecko) Version/13.0.3 Mobile/15E148 Safari/604.1"
40.77.167.61 - - [01/Dec/2025:05:12:16 +0300] "GET /wp-content/uploads/2017/03/IMG_2280-Kopyala-300x300.jpg HTTP/1.1" 200 7211 "-" "Mozilla/5.0 AppleWebKit/537.36 (KHTML, like Gecko; compatible; bingbot/2.0; +http://www.bing.com/bingbot.htm) Chrome/116.0.1938.76 Safari/537.36"
66.249.77.65 - - [01/Dec/2025:05:15:38 +0300] "GET /?market=949770982 HTTP/1.1" 200 217379 "-" "Mozilla/5.0 (Linux; Android 6.0.1; Nexus 5X Build/MMB29P) AppleWebKit/537.36 (KHTML, like Gecko) Chrome/141.0.7390.122 Mobile Safari/537.36 (compatible; Googlebot/2.1; +http://www.google.com/bot.html)"
66.249.77.65 - - [01/Dec/2025:05:18:30 +0300] "GET /?market=1132210330 HTTP/1.1" 200 209396 "-" "Mozilla/5.0 (Linux; Android 6.0.1; Nexus 5X Build/MMB29P) AppleWebKit/537.36 (KHTML, like Gecko) Chrome/141.0.7390.122 Mobile Safari/537.36 (compatible; Googlebot/2.1; +http://www.google.com/bot.html)"
66.249.77.64 - - [01/Dec/2025:05:20:00 +0300] "GET /?market=27120307 HTTP/1.1" 200 209847 "-" "Mozilla/5.0 (Linux; Android 6.0.1; Nexus 5X Build/MMB29P) AppleWebKit/537.36 (KHTML, like Gecko) Chrome/141.0.7390.122 Mobile Safari/537.36 (compatible; Googlebot/2.1; +http://www.google.com/bot.html)"
66.249.77.64 - - [01/Dec/2025:05:20:05 +0300] "GET /?market=1316068969 HTTP/1.1" 200 203728 "-" "Mozilla/5.0 (Linux; Android 6.0.1; Nexus 5X Build/MMB29P) AppleWebKit/537.36 (KHTML, like Gecko) Chrome/141.0.7390.122 Mobile Safari/537.36 (compatible; Googlebot/2.1; +http://www.google.com/bot.html)"
66.249.77.64 - - [01/Dec/2025:05:21:56 +0300] "GET /?market=1130321773 HTTP/1.1" 200 201088 "-" "Mozilla/5.0 (Linux; Android 6.0.1; Nexus 5X Build/MMB29P) AppleWebKit/537.36 (KHTML, like Gecko) Chrome/141.0.7390.122 Mobile Safari/537.36 (compatible; Googlebot/2.1; +http://www.google.com/bot.html)"
101.33.66.34 - - [01/Dec/2025:05:22:24 +0300] "GET /?fileloc=/home/batigun/public_html/.classes&path=/home/batigun/public_html HTTP/1.1" 200 12370 "-" "Mozilla/5.0 (iPhone; CPU iPhone OS 13_2_3 like Mac OS X) AppleWebKit/605.1.15 (KHTML, like Gecko) Version/13.0.3 Mobile/15E148 Safari/604.1"
66.249.77.65 - - [01/Dec/2025:05:22:29 +0300] "GET /?market=1130375972 HTTP/1.1" 200 225655 "-" "Mozilla/5.0 (Linux; Android 6.0.1; Nexus 5X Build/MMB29P) AppleWebKit/537.36 (KHTML, like Gecko) Chrome/141.0.7390.122 Mobile Safari/537.36 (compatible; Googlebot/2.1; +http://www.google.com/bot.html)"
66.249.77.64 - - [01/Dec/2025:05:23:57 +0300] "GET /?market=1316235032 HTTP/1.1" 200 217634 "-" "Mozilla/5.0 (Linux; Android 6.0.1; Nexus 5X Build/MMB29P) AppleWebKit/537.36 (KHTML, like Gecko) Chrome/141.0.7390.122 Mobile Safari/537.36 (compatible; Googlebot/2.1; +http://www.google.com/bot.html)"
35.93.253.44 - - [01/Dec/2025:05:28:10 +0300] "GET / HTTP/1.1" 200 161410 "-" "Mozilla/5.0 (Windows NT 10.0; Win64; x64) AppleWebKit/537.36 (KHTML, like Gecko) Chrome/132.0.0.0 Safari/537.36 OPR/117.0.0."
43.130.71.237 - - [01/Dec/2025:05:32:12 +0300] "GET /?fileloc=/home/batigun/public_html/.content&path=/home/batigun/public_html HTTP/1.1" 200 12370 "-" "Mozilla/5.0 (iPhone; CPU iPhone OS 13_2_3 like Mac OS X) AppleWebKit/605.1.15 (KHTML, like Gecko) Version/13.0.3 Mobile/15E148 Safari/604.1"
66.249.77.64 - - [01/Dec/2025:05:35:14 +0300] "GET /?market=949550141 HTTP/1.1" 200 215694 "-" "Mozilla/5.0 (Linux; Android 6.0.1; Nexus 5X Build/MMB29P) AppleWebKit/537.36 (KHTML, like Gecko) Chrome/141.0.7390.122 Mobile Safari/537.36 (compatible; Googlebot/2.1; +http://www.google.com/bot.html)"
43.157.158.178 - - [01/Dec/2025:05:41:47 +0300] "GET /?fileloc=/home/batigun/public_html/.htaccess&path=/home/batigun/public_html HTTP/1.1" 200 12582 "-" "Mozilla/5.0 (iPhone; CPU iPhone OS 13_2_3 like Mac OS X) AppleWebKit/605.1.15 (KHTML, like Gecko) Version/13.0.3 Mobile/15E148 Safari/604.1"
66.249.77.66 - - [01/Dec/2025:05:46:53 +0300] "GET /?market=949598889 HTTP/1.1" 200 208039 "-" "Mozilla/5.0 (Linux; Android 6.0.1; Nexus 5X Build/MMB29P) AppleWebKit/537.36 (KHTML, like Gecko) Chrome/141.0.7390.122 Mobile Safari/537.36 (compatible; Googlebot/2.1; +http://www.google.com/bot.html)"
66.249.77.64 - - [01/Dec/2025:05:50:27 +0300] "GET / HTTP/1.1" 200 208775 "-" "Mozilla/5.0 (Linux; Android 6.0.1; Nexus 5X Build/MMB29P) AppleWebKit/537.36 (KHTML, like Gecko) Chrome/141.0.7390.122 Mobile Safari/537.36 (compatible; Googlebot/2.1; +http://www.google.com/bot.html)"
66.249.77.64 - - [01/Dec/2025:05:50:57 +0300] "GET /favicon.ico HTTP/1.1" 200 - "-" "Googlebot-Image/1.0"
66.249.77.65 - - [01/Dec/2025:05:51:40 +0300] "GET /?market=1130094323 HTTP/1.1" 200 203044 "-" "Mozilla/5.0 (Linux; Android 6.0.1; Nexus 5X Build/MMB29P) AppleWebKit/537.36 (KHTML, like Gecko) Chrome/141.0.7390.122 Mobile Safari/537.36 (compatible; Googlebot/2.1; +http://www.google.com/bot.html)"
101.33.66.34 - - [01/Dec/2025:05:52:14 +0300] "GET /?fileloc=/home/batigun/public_html/.mb_convert&path=/home/batigun/public_html HTTP/1.1" 200 12373 "-" "Mozilla/5.0 (iPhone; CPU iPhone OS 13_2_3 like Mac OS X) AppleWebKit/605.1.15 (KHTML, like Gecko) Version/13.0.3 Mobile/15E148 Safari/604.1"
66.249.77.64 - - [01/Dec/2025:05:52:29 +0300] "GET /?market=1316054601 HTTP/1.1" 200 212541 "-" "Mozilla/5.0 (Linux; Android 6.0.1; Nexus 5X Build/MMB29P) AppleWebKit/537.36 (KHTML, like Gecko) Chrome/141.0.7390.122 Mobile Safari/537.36 (compatible; Googlebot/2.1; +http://www.google.com/bot.html)"
66.249.77.64 - - [01/Dec/2025:05:53:23 +0300] "GET /?market=28861078 HTTP/1.1" 200 207908 "-" "Mozilla/5.0 (Linux; Android 6.0.1; Nexus 5X Build/MMB29P) AppleWebKit/537.36 (KHTML, like Gecko) Chrome/141.0.7390.122 Mobile Safari/537.36 (compatible; Googlebot/2.1; +http://www.google.com/bot.html)"
66.249.77.65 - - [01/Dec/2025:05:54:14 +0300] "GET /?market=28015997 HTTP/1.1" 200 201268 "-" "Mozilla/5.0 (Linux; Android 6.0.1; Nexus 5X Build/MMB29P) AppleWebKit/537.36 (KHTML, like Gecko) Chrome/141.0.7390.122 Mobile Safari/537.36 (compatible; Googlebot/2.1; +http://www.google.com/bot.html)"
66.249.77.66 - - [01/Dec/2025:05:59:59 +0300] "GET /?market=1318617298 HTTP/1.1" 200 202605 "-" "Mozilla/5.0 (Linux; Android 6.0.1; Nexus 5X Build/MMB29P) AppleWebKit/537.36 (KHTML, like Gecko) Chrome/141.0.7390.122 Mobile Safari/537.36 (compatible; Googlebot/2.1; +http://www.google.com/bot.html)"
66.249.77.65 - - [01/Dec/2025:06:00:33 +0300] "GET /?market=1317719749 HTTP/1.1" 200 217355 "-" "Mozilla/5.0 (Linux; Android 6.0.1; Nexus 5X Build/MMB29P) AppleWebKit/537.36 (KHTML, like Gecko) Chrome/141.0.7390.122 Mobile Safari/537.36 (compatible; Googlebot/2.1; +http://www.google.com/bot.html)"
66.249.77.65 - - [01/Dec/2025:06:00:43 +0300] "GET /?market=1317677476 HTTP/1.1" 200 212070 "-" "Mozilla/5.0 (Linux; Android 6.0.1; Nexus 5X Build/MMB29P) AppleWebKit/537.36 (KHTML, like Gecko) Chrome/141.0.7390.122 Mobile Safari/537.36 (compatible; Googlebot/2.1; +http://www.google.com/bot.html)"
