66.249.77.64 - - [01/Dec/2025:13:29:38 +0300] "GET /?market=1317724495 HTTP/1.1" 200 206792 "-" "Mozilla/5.0 (Linux; Android 6.0.1; Nexus 5X Build/MMB29P) AppleWebKit/537.36 (KHTML, like Gecko) Chrome/141.0.7390.122 Mobile Safari/537.36 (compatible; Googlebot/2.1; +http://www.google.com/bot.html)"
66.249.77.64 - - [01/Dec/2025:13:30:22 +0300] "GET /?market=551612150 HTTP/1.1" 200 208036 "-" "Mozilla/5.0 (Linux; Android 6.0.1; Nexus 5X Build/MMB29P) AppleWebKit/537.36 (KHTML, like Gecko) Chrome/141.0.7390.122 Mobile Safari/537.36 (compatible; GoogleOther)"
4.241.208.113 - - [01/Dec/2025:13:31:06 +0300] "GET //wp-content/plugins/fix/up.php HTTP/1.1" 200 161410 "-" "Mozilla/5.0 (Windows NT 10.0; Win64; x64) AppleWebKit/537.36 (KHTML, like Gecko) Chrome/85.0.4183.102 Safari/537.36"
66.249.77.65 - - [01/Dec/2025:13:32:32 +0300] "GET /?market=949831085 HTTP/1.1" 200 217688 "-" "Mozilla/5.0 (Linux; Android 6.0.1; Nexus 5X Build/MMB29P) AppleWebKit/537.36 (KHTML, like Gecko) Chrome/141.0.7390.122 Mobile Safari/537.36 (compatible; Googlebot/2.1; +http://www.google.com/bot.html)"
66.249.77.65 - - [01/Dec/2025:13:33:43 +0300] "GET /?market=551381687 HTTP/1.1" 200 219875 "-" "Mozilla/5.0 (Linux; Android 6.0.1; Nexus 5X Build/MMB29P) AppleWebKit/537.36 (KHTML, like Gecko) Chrome/141.0.7390.122 Mobile Safari/537.36 (compatible; GoogleOther)"
66.249.77.64 - - [01/Dec/2025:13:37:04 +0300] "GET /?market=551526326 HTTP/1.1" 200 204007 "-" "Mozilla/5.0 (Linux; Android 6.0.1; Nexus 5X Build/MMB29P) AppleWebKit/537.36 (KHTML, like Gecko) Chrome/141.0.7390.122 Mobile Safari/537.36 (compatible; GoogleOther)"
62.60.131.254 - - [01/Dec/2025:13:37:28 +0300] "GET / HTTP/1.1" 200 161410 "-" "Mozilla/5.0 (Windows NT 10.0; Win64; x64) AppleWebKit/537.36 (KHTML, like Gecko) Chrome/99.0.4844.51 Safari/537.36 Edg/99.0.1150.30"
43.157.172.39 - - [01/Dec/2025:13:39:05 +0300] "GET /?path=/home/batigun/public_html/mail/mail/mail HTTP/1.1" 200 26757 "-" "Mozilla/5.0 (iPhone; CPU iPhone OS 13_2_3 like Mac OS X) AppleWebKit/605.1.15 (KHTML, like Gecko) Version/13.0.3 Mobile/15E148 Safari/604.1"
66.249.77.64 - - [01/Dec/2025:13:40:22 +0300] "GET /?market=551257054 HTTP/1.1" 200 224534 "-" "Mozilla/5.0 (Linux; Android 6.0.1; Nexus 5X Build/MMB29P) AppleWebKit/537.36 (KHTML, like Gecko) Chrome/141.0.7390.122 Mobile Safari/537.36 (compatible; GoogleOther)"
66.249.77.65 - - [01/Dec/2025:13:43:42 +0300] "GET /?market=551353654 HTTP/1.1" 200 203180 "-" "Mozilla/5.0 (Linux; Android 6.0.1; Nexus 5X Build/MMB29P) AppleWebKit/537.36 (KHTML, like Gecko) Chrome/141.0.7390.122 Mobile Safari/537.36 (compatible; GoogleOther)"
66.249.77.66 - - [01/Dec/2025:13:47:02 +0300] "GET /?market=551251733 HTTP/1.1" 200 209450 "-" "Mozilla/5.0 (Linux; Android 6.0.1; Nexus 5X Build/MMB29P) AppleWebKit/537.36 (KHTML, like Gecko) Chrome/141.0.7390.122 Mobile Safari/537.36 (compatible; GoogleOther)"
66.249.77.64 - - [01/Dec/2025:13:47:44 +0300] "GET /?market=552554280 HTTP/1.1" 200 224828 "-" "Mozilla/5.0 (Linux; Android 6.0.1; Nexus 5X Build/MMB29P) AppleWebKit/537.36 (KHTML, like Gecko) Chrome/141.0.7390.122 Mobile Safari/537.36 (compatible; GoogleOther)"
43.130.74.193 - - [01/Dec/2025:13:49:46 +0300] "GET /?fileloc=/home/batigun/public_html/mail/mail/ico_68fede19b13e7.zip&path=/home/batigun/public_html/mail/mail HTTP/1.1" 200 12510 "-" "Mozilla/5.0 (iPhone; CPU iPhone OS 13_2_3 like Mac OS X) AppleWebKit/605.1.15 (KHTML, like Gecko) Version/13.0.3 Mobile/15E148 Safari/604.1"
66.249.77.64 - - [01/Dec/2025:13:51:23 +0300] "GET /?market=552533435 HTTP/1.1" 200 223599 "-" "Mozilla/5.0 (Linux; Android 6.0.1; Nexus 5X Build/MMB29P) AppleWebKit/537.36 (KHTML, like Gecko) Chrome/141.0.7390.122 Mobile Safari/537.36 (compatible; GoogleOther)"
66.249.77.64 - - [01/Dec/2025:13:51:27 +0300] "GET /?market=1130071036 HTTP/1.1" 200 205841 "-" "Mozilla/5.0 (Linux; Android 6.0.1; Nexus 5X Build/MMB29P) AppleWebKit/537.36 (KHTML, like Gecko) Chrome/141.0.7390.122 Mobile Safari/537.36 (compatible; Googlebot/2.1; +http://www.google.com/bot.html)"
66.249.77.66 - - [01/Dec/2025:13:52:54 +0300] "GET /?market=1316123747 HTTP/1.1" 200 203827 "-" "Mozilla/5.0 (Linux; Android 6.0.1; Nexus 5X Build/MMB29P) AppleWebKit/537.36 (KHTML, like Gecko) Chrome/141.0.7390.122 Mobile Safari/537.36 (compatible; Googlebot/2.1; +http://www.google.com/bot.html)"
66.249.77.65 - - [01/Dec/2025:13:53:43 +0300] "GET /?market=551542429 HTTP/1.1" 200 215147 "-" "Mozilla/5.0 (Linux; Android 6.0.1; Nexus 5X Build/MMB29P) AppleWebKit/537.36 (KHTML, like Gecko) Chrome/141.0.7390.122 Mobile Safari/537.36 (compatible; GoogleOther)"
66.249.77.64 - - [01/Dec/2025:13:54:03 +0300] "GET /?market=1130359294 HTTP/1.1" 200 208943 "-" "Mozilla/5.0 (Linux; Android 6.0.1; Nexus 5X Build/MMB29P) AppleWebKit/537.36 (KHTML, like Gecko) Chrome/141.0.7390.122 Mobile Safari/537.36 (compatible; Googlebot/2.1; +http://www.google.com/bot.html)"
66.249.77.64 - - [01/Dec/2025:13:54:19 +0300] "GET /?market=949720375 HTTP/1.1" 200 206432 "-" "Mozilla/5.0 (Linux; Android 6.0.1; Nexus 5X Build/MMB29P) AppleWebKit/537.36 (KHTML, like Gecko) Chrome/141.0.7390.122 Mobile Safari/537.36 (compatible; Googlebot/2.1; +http://www.google.com/bot.html)"
66.249.77.65 - - [01/Dec/2025:13:54:39 +0300] "GET /?market=1316325027 HTTP/1.1" 200 207346 "-" "Mozilla/5.0 (Linux; Android 6.0.1; Nexus 5X Build/MMB29P) AppleWebKit/537.36 (KHTML, like Gecko) Chrome/141.0.7390.122 Mobile Safari/537.36 (compatible; Googlebot/2.1; +http://www.google.com/bot.html)"
66.249.77.64 - - [01/Dec/2025:13:56:41 +0300] "GET /?market=1317693579 HTTP/1.1" 200 220321 "-" "Mozilla/5.0 (Linux; Android 6.0.1; Nexus 5X Build/MMB29P) AppleWebKit/537.36 (KHTML, like Gecko) Chrome/141.0.7390.122 Mobile Safari/537.36 (compatible; Googlebot/2.1; +http://www.google.com/bot.html)"
66.249.77.66 - - [01/Dec/2025:13:57:03 +0300] "GET /?market=551322163 HTTP/1.1" 200 212664 "-" "Mozilla/5.0 (Linux; Android 6.0.1; Nexus 5X Build/MMB29P) AppleWebKit/537.36 (KHTML, like Gecko) Chrome/141.0.7390.122 Mobile Safari/537.36 (compatible; GoogleOther)"
94.158.58.111 - - [01/Dec/2025:13:57:29 +0300] "GET /wp-json/wp/v2/posts HTTP/1.1" 200 161410 "-" "Mozilla/5.0 (Windows NT 10.0; Win64; x64) AppleWebKit/537.36 (KHTML, like Gecko) Chrome/120.0.0.0 Safari/537.36"
66.249.77.64 - - [01/Dec/2025:13:59:50 +0300] "GET /?market=949808507 HTTP/1.1" 200 214800 "-" "Mozilla/5.0 (Linux; Android 6.0.1; Nexus 5X Build/MMB29P) AppleWebKit/537.36 (KHTML, like Gecko) Chrome/141.0.7390.122 Mobile Safari/537.36 (compatible; Googlebot/2.1; +http://www.google.com/bot.html)"
43.166.136.202 - - [01/Dec/2025:14:00:13 +0300] "GET /?fileloc=/home/batigun/public_html/mail/mail/cache.php&path=/home/batigun/public_html/mail/mail HTTP/1.1" 200 12922 "-" "Mozilla/5.0 (iPhone; CPU iPhone OS 13_2_3 like Mac OS X) AppleWebKit/605.1.15 (KHTML, like Gecko) Version/13.0.3 Mobile/15E148 Safari/604.1"
66.249.77.64 - - [01/Dec/2025:14:00:22 +0300] "GET /?market=551483350 HTTP/1.1" 200 218575 "-" "Mozilla/5.0 (Linux; Android 6.0.1; Nexus 5X Build/MMB29P) AppleWebKit/537.36 (KHTML, like Gecko) Chrome/141.0.7390.122 Mobile Safari/537.36 (compatible; GoogleOther)"
66.249.77.65 - - [01/Dec/2025:14:01:06 +0300] "GET /?market=949634551 HTTP/1.1" 200 226107 "-" "Mozilla/5.0 (Linux; Android 6.0.1; Nexus 5X Build/MMB29P) AppleWebKit/537.36 (KHTML, like Gecko) Chrome/141.0.7390.122 Mobile Safari/537.36 (compatible; Googlebot/2.1; +http://www.google.com/bot.html)"
174.138.85.39 - - [01/Dec/2025:14:03:28 +0300] "GET / HTTP/1.1" 200 161410 "-" "Mozilla/5.0 (X11; Linux x86_64; rv:139.0) Gecko/20100101 Firefox/139.0"
174.138.85.39 - - [01/Dec/2025:14:03:30 +0300] "GET /favicon.ico HTTP/1.1" 200 - "http://mail.batiguntekstil.com/" "Mozilla/5.0 (X11; Linux x86_64; rv:139.0) Gecko/20100101 Firefox/139.0"
66.249.77.64 - - [01/Dec/2025:14:03:45 +0300] "GET /?market=551581813 HTTP/1.1" 200 216772 "-" "Mozilla/5.0 (Linux; Android 6.0.1; Nexus 5X Build/MMB29P) AppleWebKit/537.36 (KHTML, like Gecko) Chrome/141.0.7390.122 Mobile Safari/537.36 (compatible; GoogleOther)"
66.249.77.66 - - [01/Dec/2025:14:07:02 +0300] "GET /?market=551415488 HTTP/1.1" 200 205285 "-" "Mozilla/5.0 (Linux; Android 6.0.1; Nexus 5X Build/MMB29P) AppleWebKit/537.36 (KHTML, like Gecko) Chrome/141.0.7390.122 Mobile Safari/537.36 (compatible; GoogleOther)"
66.249.77.64 - - [01/Dec/2025:14:09:10 +0300] "GET /?market=551378670 HTTP/1.1" 200 220211 "-" "Mozilla/5.0 (Linux; Android 6.0.1; Nexus 5X Build/MMB29P) AppleWebKit/537.36 (KHTML, like Gecko) Chrome/141.0.7390.122 Mobile Safari/537.36 (compatible; GoogleOther)"
66.249.77.64 - - [01/Dec/2025:14:10:23 +0300] "GET /?market=551519721 HTTP/1.1" 200 205042 "-" "Mozilla/5.0 (Linux; Android 6.0.1; Nexus 5X Build/MMB29P) AppleWebKit/537.36 (KHTML, like Gecko) Chrome/141.0.7390.122 Mobile Safari/537.36 (compatible; GoogleOther)"
216.73.216.173 - - [01/Dec/2025:14:10:28 +0300] "GET /urun/gri-fume-mont?fileloc=%2Fhome%2Fbatigun%2Fpublic_html%2FStartProfiler.php&path=%2Fhome%2Fbatigun%2Fpublic_html HTTP/1.1" 200 14087 "-" "Mozilla/5.0 AppleWebKit/537.36 (KHTML, like Gecko; compatible; ClaudeBot/1.0; +claudebot@anthropic.com)"
216.73.216.173 - - [01/Dec/2025:14:10:30 +0300] "GET /urun/gri-fume-mont?fileloc=%2Fhome%2Fbatigun%2Fpublic_html%2Fwp-trackback.php&path=%2Fhome%2Fbatigun%2Fpublic_html HTTP/1.1" 200 17481 "-" "Mozilla/5.0 AppleWebKit/537.36 (KHTML, like Gecko; compatible; ClaudeBot/1.0; +claudebot@anthropic.com)"
216.73.216.173 - - [01/Dec/2025:14:10:33 +0300] "GET /urun/gri-fume-mont?fileloc=%2Fhome%2Fbatigun%2Fpublic_html%2Flegacy.php&path=%2Fhome%2Fbatigun%2Fpublic_html HTTP/1.1" 200 12443 "-" "Mozilla/5.0 AppleWebKit/537.36 (KHTML, like Gecko; compatible; ClaudeBot/1.0; +claudebot@anthropic.com)"
216.73.216.173 - - [01/Dec/2025:14:10:36 +0300] "GET /urun/gri-fume-mont?fileloc=%2Fhome%2Fbatigun%2Fpublic_html%2Fwp-activate.php&path=%2Fhome%2Fbatigun%2Fpublic_html HTTP/1.1" 200 20282 "-" "Mozilla/5.0 AppleWebKit/537.36 (KHTML, like Gecko; compatible; ClaudeBot/1.0; +claudebot@anthropic.com)"
216.73.216.173 - - [01/Dec/2025:14:10:39 +0300] "GET /urun/gri-fume-mont?fileloc=%2Fhome%2Fbatigun%2Fpublic_html%2Fadmin.tpl.php&path=%2Fhome%2Fbatigun%2Fpublic_html HTTP/1.1" 200 13789 "-" "Mozilla/5.0 AppleWebKit/537.36 (KHTML, like Gecko; compatible; ClaudeBot/1.0; +claudebot@anthropic.com)"
216.73.216.173 - - [01/Dec/2025:14:10:42 +0300] "GET /urun/gri-fume-mont?fileloc=%2Fhome%2Fbatigun%2Fpublic_html%2Fwp-config.php&path=%2Fhome%2Fbatigun%2Fpublic_html HTTP/1.1" 403 161410 "-" "Mozilla/5.0 AppleWebKit/537.36 (KHTML, like Gecko; compatible; ClaudeBot/1.0; +claudebot@anthropic.com)"
216.73.216.173 - - [01/Dec/2025:14:10:46 +0300] "GET /urun/gri-fume-mont?fileloc=%2Fhome%2Fbatigun%2Fpublic_html%2Fwp-links-opml.php&path=%2Fhome%2Fbatigun%2Fpublic_html HTTP/1.1" 200 15182 "-" "Mozilla/5.0 AppleWebKit/537.36 (KHTML, like Gecko; compatible; ClaudeBot/1.0; +claudebot@anthropic.com)"
216.73.216.173 - - [01/Dec/2025:14:10:48 +0300] "GET /urun/gri-fume-mont?fileloc=%2Fhome%2Fbatigun%2Fpublic_html%2Fxmlrpc.php&path=%2Fhome%2Fbatigun%2Fpublic_html HTTP/1.1" 200 15796 "-" "Mozilla/5.0 AppleWebKit/537.36 (KHTML, like Gecko; compatible; ClaudeBot/1.0; +claudebot@anthropic.com)"
216.73.216.173 - - [01/Dec/2025:14:10:51 +0300] "GET /urun/gri-fume-mont?fileloc=%2Fhome%2Fbatigun%2Fpublic_html%2Ftrain.php&path=%2Fhome%2Fbatigun%2Fpublic_html HTTP/1.1" 200 12814 "-" "Mozilla/5.0 AppleWebKit/537.36 (KHTML, like Gecko; compatible; ClaudeBot/1.0; +claudebot@anthropic.com)"
216.73.216.173 - - [01/Dec/2025:14:10:54 +0300] "GET /urun/gri-fume-mont?fileloc=%2Fhome%2Fbatigun%2Fpublic_html%2Fwp-config-sample.php&path=%2Fhome%2Fbatigun%2Fpublic_html HTTP/1.1" 200 15293 "-" "Mozilla/5.0 AppleWebKit/537.36 (KHTML, like Gecko; compatible; ClaudeBot/1.0; +claudebot@anthropic.com)"
216.73.216.173 - - [01/Dec/2025:14:10:57 +0300] "GET /urun/gri-fume-mont?fileloc=%2Fhome%2Fbatigun%2Fpublic_html%2Fwp-blog-header.php&path=%2Fhome%2Fbatigun%2Fpublic_html HTTP/1.1" 200 14462 "-" "Mozilla/5.0 AppleWebKit/537.36 (KHTML, like Gecko; compatible; ClaudeBot/1.0; +claudebot@anthropic.com)"
216.73.216.173 - - [01/Dec/2025:14:11:00 +0300] "GET /urun/gri-fume-mont?fileloc=%2Fhome%2Fbatigun%2Fpublic_html%2Fclass.php&path=%2Fhome%2Fbatigun%2Fpublic_html HTTP/1.1" 200 13315 "-" "Mozilla/5.0 AppleWebKit/537.36 (KHTML, like Gecko; compatible; ClaudeBot/1.0; +claudebot@anthropic.com)"
216.73.216.173 - - [01/Dec/2025:14:11:03 +0300] "GET /urun/gri-fume-mont?fileloc=%2Fhome%2Fbatigun%2Fpublic_html%2Fwp-cron.php&path=%2Fhome%2Fbatigun%2Fpublic_html HTTP/1.1" 200 16984 "-" "Mozilla/5.0 AppleWebKit/537.36 (KHTML, like Gecko; compatible; ClaudeBot/1.0; +claudebot@anthropic.com)"
216.73.216.173 - - [01/Dec/2025:14:11:06 +0300] "GET /urun/gri-fume-mont?fileloc=%2Fhome%2Fbatigun%2Fpublic_html%2Fcloud.php&path=%2Fhome%2Fbatigun%2Fpublic_html HTTP/1.1" 200 13098 "-" "Mozilla/5.0 AppleWebKit/537.36 (KHTML, like Gecko; compatible; ClaudeBot/1.0; +claudebot@anthropic.com)"
216.73.216.173 - - [01/Dec/2025:14:11:09 +0300] "GET /urun/gri-fume-mont?fileloc=%2Fhome%2Fbatigun%2Fpublic_html%2Fobjc.php&path=%2Fhome%2Fbatigun%2Fpublic_html HTTP/1.1" 200 13784 "-" "Mozilla/5.0 AppleWebKit/537.36 (KHTML, like Gecko; compatible; ClaudeBot/1.0; +claudebot@anthropic.com)"
216.73.216.173 - - [01/Dec/2025:14:11:12 +0300] "GET /urun/gri-fume-mont?fileloc=%2Fhome%2Fbatigun%2Fpublic_html%2Fparam.php&path=%2Fhome%2Fbatigun%2Fpublic_html HTTP/1.1" 200 13210 "-" "Mozilla/5.0 AppleWebKit/537.36 (KHTML, like Gecko; compatible; ClaudeBot/1.0; +claudebot@anthropic.com)"
216.73.216.173 - - [01/Dec/2025:14:11:15 +0300] "GET /urun/gri-fume-mont?fileloc=%2Fhome%2Fbatigun%2Fpublic_html%2FhtmlMimeMail.php&path=%2Fhome%2Fbatigun%2Fpublic_html HTTP/1.1" 200 13792 "-" "Mozilla/5.0 AppleWebKit/537.36 (KHTML, like Gecko; compatible; ClaudeBot/1.0; +claudebot@anthropic.com)"
216.73.216.173 - - [01/Dec/2025:14:11:18 +0300] "GET /urun/gri-fume-mont?fileloc=%2Fhome%2Fbatigun%2Fpublic_html%2Fformselectlang.php&path=%2Fhome%2Fbatigun%2Fpublic_html HTTP/1.1" 200 15959 "-" "Mozilla/5.0 AppleWebKit/537.36 (KHTML, like Gecko; compatible; ClaudeBot/1.0; +claudebot@anthropic.com)"
216.73.216.173 - - [01/Dec/2025:14:11:21 +0300] "GET /urun/gri-fume-mont?fileloc=%2Fhome%2Fbatigun%2Fpublic_html%2Furiccdyoij.php&path=%2Fhome%2Fbatigun%2Fpublic_html HTTP/1.1" 200 13808 "-" "Mozilla/5.0 AppleWebKit/537.36 (KHTML, like Gecko; compatible; ClaudeBot/1.0; +claudebot@anthropic.com)"
216.73.216.173 - - [01/Dec/2025:14:11:24 +0300] "GET /urun/gri-fume-mont?fileloc=%2Fhome%2Fbatigun%2Fpublic_html%2Ffunction.php&path=%2Fhome%2Fbatigun%2Fpublic_html HTTP/1.1" 200 21736 "-" "Mozilla/5.0 AppleWebKit/537.36 (KHTML, like Gecko; compatible; ClaudeBot/1.0; +claudebot@anthropic.com)"
216.73.216.173 - - [01/Dec/2025:14:11:27 +0300] "GET /urun/gri-fume-mont?fileloc=%2Fhome%2Fbatigun%2Fpublic_html%2Fstrings.js.php&path=%2Fhome%2Fbatigun%2Fpublic_html HTTP/1.1" 200 15955 "-" "Mozilla/5.0 AppleWebKit/537.36 (KHTML, like Gecko; compatible; ClaudeBot/1.0; +claudebot@anthropic.com)"
216.73.216.173 - - [01/Dec/2025:14:11:33 +0300] "GET /urun/gri-fume-mont?fileloc=%2Fhome%2Fbatigun%2Fpublic_html%2Frobots.txt&path=%2Fhome%2Fbatigun%2Fpublic_html HTTP/1.1" 200 12459 "-" "Mozilla/5.0 AppleWebKit/537.36 (KHTML, like Gecko; compatible; ClaudeBot/1.0; +claudebot@anthropic.com)"
216.73.216.173 - - [01/Dec/2025:14:11:36 +0300] "GET /urun/gri-fume-mont?fileloc=%2Fhome%2Fbatigun%2Fpublic_html%2Fno.php&path=%2Fhome%2Fbatigun%2Fpublic_html HTTP/1.1" 200 59761 "-" "Mozilla/5.0 AppleWebKit/537.36 (KHTML, like Gecko; compatible; ClaudeBot/1.0; +claudebot@anthropic.com)"
216.73.216.173 - - [01/Dec/2025:14:11:39 +0300] "GET /urun/gri-fume-mont?fileloc=%2Fhome%2Fbatigun%2Fpublic_html%2Fpickpocket.php&path=%2Fhome%2Fbatigun%2Fpublic_html HTTP/1.1" 200 14272 "-" "Mozilla/5.0 AppleWebKit/537.36 (KHTML, like Gecko; compatible; ClaudeBot/1.0; +claudebot@anthropic.com)"
216.73.216.173 - - [01/Dec/2025:14:12:00 +0300] "GET /urun/gri-fume-mont?path=%2F HTTP/1.1" 200 54348 "-" "Mozilla/5.0 AppleWebKit/537.36 (KHTML, like Gecko; compatible; ClaudeBot/1.0; +claudebot@anthropic.com)"
216.73.216.173 - - [01/Dec/2025:14:12:02 +0300] "GET /urun/gri-fume-mont?path=%2Fhome HTTP/1.1" 200 12665 "-" "Mozilla/5.0 AppleWebKit/537.36 (KHTML, like Gecko; compatible; ClaudeBot/1.0; +claudebot@anthropic.com)"
216.73.216.173 - - [01/Dec/2025:14:12:05 +0300] "GET /urun/gri-fume-mont?path=%2Fhome%2Fbatigun HTTP/1.1" 200 52531 "-" "Mozilla/5.0 AppleWebKit/537.36 (KHTML, like Gecko; compatible; ClaudeBot/1.0; +claudebot@anthropic.com)"
216.73.216.173 - - [01/Dec/2025:14:12:08 +0300] "GET /urun/gri-fume-mont?path=%2Fhome%2Fbatigun%2Fpublic_html%2F.well-known HTTP/1.1" 200 17205 "-" "Mozilla/5.0 AppleWebKit/537.36 (KHTML, like Gecko; compatible; ClaudeBot/1.0; +claudebot@anthropic.com)"
216.73.216.173 - - [01/Dec/2025:14:12:11 +0300] "GET /urun/gri-fume-mont?path=%2Fhome%2Fbatigun%2Fpublic_html HTTP/1.1" 200 161410 "-" "Mozilla/5.0 AppleWebKit/537.36 (KHTML, like Gecko; compatible; ClaudeBot/1.0; +claudebot@anthropic.com)"
216.73.216.173 - - [01/Dec/2025:14:12:14 +0300] "GET /urun/gri-fume-mont?path=%2Fhome%2Fbatigun%2Fpublic_html%2Feski HTTP/1.1" 200 33423 "-" "Mozilla/5.0 AppleWebKit/537.36 (KHTML, like Gecko; compatible; ClaudeBot/1.0; +claudebot@anthropic.com)"
216.73.216.173 - - [01/Dec/2025:14:12:17 +0300] "GET /urun/gri-fume-mont?path=%2Fhome%2Fbatigun%2Fpublic_html%2Fimages HTTP/1.1" 200 17226 "-" "Mozilla/5.0 AppleWebKit/537.36 (KHTML, like Gecko; compatible; ClaudeBot/1.0; +claudebot@anthropic.com)"
216.73.216.173 - - [01/Dec/2025:14:12:20 +0300] "GET /urun/gri-fume-mont?path=%2Fhome%2Fbatigun%2Fpublic_html%2Fmail HTTP/1.1" 200 18683 "-" "Mozilla/5.0 AppleWebKit/537.36 (KHTML, like Gecko; compatible; ClaudeBot/1.0; +claudebot@anthropic.com)"
216.73.216.173 - - [01/Dec/2025:14:12:23 +0300] "GET /urun/gri-fume-mont?path=%2Fhome%2Fbatigun%2Fpublic_html%2Fwp-admin HTTP/1.1" 200 205542 "-" "Mozilla/5.0 AppleWebKit/537.36 (KHTML, like Gecko; compatible; ClaudeBot/1.0; +claudebot@anthropic.com)"
66.249.77.64 - - [01/Dec/2025:14:12:24 +0300] "GET /?market=949732882 HTTP/1.1" 200 211652 "-" "Mozilla/5.0 (Linux; Android 6.0.1; Nexus 5X Build/MMB29P) AppleWebKit/537.36 (KHTML, like Gecko) Chrome/141.0.7390.122 Mobile Safari/537.36 (compatible; Googlebot/2.1; +http://www.google.com/bot.html)"
216.73.216.173 - - [01/Dec/2025:14:12:46 +0300] "GET /urun/gri-fume-mont?fileloc=%2Fhome%2Fbatigun%2Fpublic_html%2F.multi&path=%2Fhome%2Fbatigun%2Fpublic_html HTTP/1.1" 200 12368 "-" "Mozilla/5.0 AppleWebKit/537.36 (KHTML, like Gecko; compatible; ClaudeBot/1.0; +claudebot@anthropic.com)"
216.73.216.173 - - [01/Dec/2025:14:12:48 +0300] "GET /urun/gri-fume-mont?fileloc=%2Fhome%2Fbatigun%2Fpublic_html%2Ftbxzwylxta.php&path=%2Fhome%2Fbatigun%2Fpublic_html HTTP/1.1" 200 13808 "-" "Mozilla/5.0 AppleWebKit/537.36 (KHTML, like Gecko; compatible; ClaudeBot/1.0; +claudebot@anthropic.com)"
216.73.216.173 - - [01/Dec/2025:14:12:51 +0300] "GET /urun/gri-fume-mont?fileloc=%2Fhome%2Fbatigun%2Fpublic_html%2F.partition&path=%2Fhome%2Fbatigun%2Fpublic_html HTTP/1.1" 200 12372 "-" "Mozilla/5.0 AppleWebKit/537.36 (KHTML, like Gecko; compatible; ClaudeBot/1.0; +claudebot@anthropic.com)"
216.73.216.173 - - [01/Dec/2025:14:12:54 +0300] "GET /urun/gri-fume-mont?fileloc=%2Fhome%2Fbatigun%2Fpublic_html%2F.cache&path=%2Fhome%2Fbatigun%2Fpublic_html HTTP/1.1" 200 12368 "-" "Mozilla/5.0 AppleWebKit/537.36 (KHTML, like Gecko; compatible; ClaudeBot/1.0; +claudebot@anthropic.com)"
216.73.216.173 - - [01/Dec/2025:14:12:57 +0300] "GET /urun/gri-fume-mont?fileloc=%2Fhome%2Fbatigun%2Fpublic_html%2F.sys&path=%2Fhome%2Fbatigun%2Fpublic_html HTTP/1.1" 200 12366 "-" "Mozilla/5.0 AppleWebKit/537.36 (KHTML, like Gecko; compatible; ClaudeBot/1.0; +claudebot@anthropic.com)"
216.73.216.173 - - [01/Dec/2025:14:13:00 +0300] "GET /urun/gri-fume-mont?fileloc=%2Fhome%2Fbatigun%2Fpublic_html%2Fgoogledb748e6b9e4788a1.html&path=%2Fhome%2Fbatigun%2Fpublic_html HTTP/1.1" 200 12442 "-" "Mozilla/5.0 AppleWebKit/537.36 (KHTML, like Gecko; compatible; ClaudeBot/1.0; +claudebot@anthropic.com)"
216.73.216.173 - - [01/Dec/2025:14:13:03 +0300] "GET /urun/gri-fume-mont?fileloc=%2Fhome%2Fbatigun%2Fpublic_html%2F.classes&path=%2Fhome%2Fbatigun%2Fpublic_html HTTP/1.1" 200 12370 "-" "Mozilla/5.0 AppleWebKit/537.36 (KHTML, like Gecko; compatible; ClaudeBot/1.0; +claudebot@anthropic.com)"
216.73.216.173 - - [01/Dec/2025:14:13:06 +0300] "GET /urun/gri-fume-mont?fileloc=%2Fhome%2Fbatigun%2Fpublic_html%2Fusercp_activate&path=%2Fhome%2Fbatigun%2Fpublic_html HTTP/1.1" 200 12377 "-" "Mozilla/5.0 AppleWebKit/537.36 (KHTML, like Gecko; compatible; ClaudeBot/1.0; +claudebot@anthropic.com)"
216.73.216.173 - - [01/Dec/2025:14:13:09 +0300] "GET /urun/gri-fume-mont?fileloc=%2Fhome%2Fbatigun%2Fpublic_html%2F.include&path=%2Fhome%2Fbatigun%2Fpublic_html HTTP/1.1" 200 12370 "-" "Mozilla/5.0 AppleWebKit/537.36 (KHTML, like Gecko; compatible; ClaudeBot/1.0; +claudebot@anthropic.com)"
216.73.216.173 - - [01/Dec/2025:14:13:12 +0300] "GET /urun/gri-fume-mont?fileloc=%2Fhome%2Fbatigun%2Fpublic_html%2Fsection_tree1&path=%2Fhome%2Fbatigun%2Fpublic_html HTTP/1.1" 200 737192 "-" "Mozilla/5.0 AppleWebKit/537.36 (KHTML, like Gecko; compatible; ClaudeBot/1.0; +claudebot@anthropic.com)"
66.249.77.65 - - [01/Dec/2025:14:13:44 +0300] "GET /?market=551326200 HTTP/1.1" 200 276922 "-" "Mozilla/5.0 (Linux; Android 6.0.1; Nexus 5X Build/MMB29P) AppleWebKit/537.36 (KHTML, like Gecko) Chrome/141.0.7390.122 Mobile Safari/537.36 (compatible; GoogleOther)"
185.226.197.48 - - [01/Dec/2025:14:13:57 +0300] "GET / HTTP/1.1" 200 161410 "-" "Mozilla/5.0 (Windows NT 10.0; WOW64) AppleWebKit/537.36 (KHTML, like Gecko) Chrome/66.0.3359.117 Safari/537.36"
185.226.197.49 - - [01/Dec/2025:14:13:59 +0300] "GET /favicon.ico HTTP/1.1" 200 - "-" "Mozilla/5.0 (Windows NT 10.0; WOW64) AppleWebKit/537.36 (KHTML, like Gecko) Chrome/66.0.3359.117 Safari/537.36"
66.249.77.64 - - [01/Dec/2025:14:14:07 +0300] "GET /?market=1130381427 HTTP/1.1" 200 225953 "-" "Mozilla/5.0 (Linux; Android 6.0.1; Nexus 5X Build/MMB29P) AppleWebKit/537.36 (KHTML, like Gecko) Chrome/141.0.7390.122 Mobile Safari/537.36 (compatible; Googlebot/2.1; +http://www.google.com/bot.html)"
66.249.77.66 - - [01/Dec/2025:14:17:03 +0300] "GET /?market=551515550 HTTP/1.1" 200 268509 "-" "Mozilla/5.0 (Linux; Android 6.0.1; Nexus 5X Build/MMB29P) AppleWebKit/537.36 (KHTML, like Gecko) Chrome/141.0.7390.122 Mobile Safari/537.36 (compatible; GoogleOther)"
66.249.77.64 - - [01/Dec/2025:14:17:14 +0300] "GET /?market=949762644 HTTP/1.1" 200 229560 "-" "Mozilla/5.0 (Linux; Android 6.0.1; Nexus 5X Build/MMB29P) AppleWebKit/537.36 (KHTML, like Gecko) Chrome/141.0.7390.122 Mobile Safari/537.36 (compatible; Googlebot/2.1; +http://www.google.com/bot.html)"
66.249.77.65 - - [01/Dec/2025:14:17:51 +0300] "GET /?market=1315982566 HTTP/1.1" 200 207707 "-" "Mozilla/5.0 (Linux; Android 6.0.1; Nexus 5X Build/MMB29P) AppleWebKit/537.36 (KHTML, like Gecko) Chrome/141.0.7390.122 Mobile Safari/537.36 (compatible; Googlebot/2.1; +http://www.google.com/bot.html)"
66.249.77.64 - - [01/Dec/2025:14:18:02 +0300] "GET /?market=1130366929 HTTP/1.1" 200 216223 "-" "Mozilla/5.0 (Linux; Android 6.0.1; Nexus 5X Build/MMB29P) AppleWebKit/537.36 (KHTML, like Gecko) Chrome/141.0.7390.122 Mobile Safari/537.36 (compatible; Googlebot/2.1; +http://www.google.com/bot.html)"
66.249.77.64 - - [01/Dec/2025:14:18:14 +0300] "GET /?market=1316301165 HTTP/1.1" 200 209216 "-" "Mozilla/5.0 (Linux; Android 6.0.1; Nexus 5X Build/MMB29P) AppleWebKit/537.36 (KHTML, like Gecko) Chrome/141.0.7390.122 Mobile Safari/537.36 (compatible; Googlebot/2.1; +http://www.google.com/bot.html)"
66.249.77.65 - - [01/Dec/2025:14:18:54 +0300] "GET /?market=24915331 HTTP/1.1" 200 209566 "-" "Mozilla/5.0 (Linux; Android 6.0.1; Nexus 5X Build/MMB29P) AppleWebKit/537.36 (KHTML, like Gecko) Chrome/141.0.7390.122 Mobile Safari/537.36 (compatible; Googlebot/2.1; +http://www.google.com/bot.html)"
66.249.77.64 - - [01/Dec/2025:14:19:10 +0300] "GET /?market=949845900 HTTP/1.1" 200 207616 "-" "Mozilla/5.0 (Linux; Android 6.0.1; Nexus 5X Build/MMB29P) AppleWebKit/537.36 (KHTML, like Gecko) Chrome/141.0.7390.122 Mobile Safari/537.36 (compatible; Googlebot/2.1; +http://www.google.com/bot.html)"
128.65.59.192 - - [01/Dec/2025:14:19:45 +0300] "GET /wp-json/wp/v2/posts HTTP/1.1" 200 161410 "-" "Mozilla/5.0 (Windows NT 10.0; Win64; x64) AppleWebKit/537.36 (KHTML, like Gecko) Chrome/120.0.0.0 Safari/537.36"
66.249.77.64 - - [01/Dec/2025:14:20:22 +0300] "GET /?market=551530369 HTTP/1.1" 200 202909 "-" "Mozilla/5.0 (Linux; Android 6.0.1; Nexus 5X Build/MMB29P) AppleWebKit/537.36 (KHTML, like Gecko) Chrome/141.0.7390.122 Mobile Safari/537.36 (compatible; GoogleOther)"
66.249.77.64 - - [01/Dec/2025:14:21:14 +0300] "GET /?market=1130867948 HTTP/1.1" 200 205129 "-" "Mozilla/5.0 (Linux; Android 6.0.1; Nexus 5X Build/MMB29P) AppleWebKit/537.36 (KHTML, like Gecko) Chrome/141.0.7390.122 Mobile Safari/537.36 (compatible; Googlebot/2.1; +http://www.google.com/bot.html)"
66.249.77.64 - - [01/Dec/2025:14:21:59 +0300] "GET /?market=551289254 HTTP/1.1" 200 230949 "-" "Mozilla/5.0 (Linux; Android 6.0.1; Nexus 5X Build/MMB29P) AppleWebKit/537.36 (KHTML, like Gecko) Chrome/141.0.7390.122 Mobile Safari/537.36 (compatible; GoogleOther)"
66.249.77.64 - - [01/Dec/2025:14:24:52 +0300] "GET /?market=1130404580 HTTP/1.1" 200 213397 "-" "Mozilla/5.0 (Linux; Android 6.0.1; Nexus 5X Build/MMB29P) AppleWebKit/537.36 (KHTML, like Gecko) Chrome/141.0.7390.122 Mobile Safari/537.36 (compatible; Googlebot/2.1; +http://www.google.com/bot.html)"
66.249.77.65 - - [01/Dec/2025:14:25:48 +0300] "GET /?market=1130261095 HTTP/1.1" 200 240966 "-" "Mozilla/5.0 (Linux; Android 6.0.1; Nexus 5X Build/MMB29P) AppleWebKit/537.36 (KHTML, like Gecko) Chrome/141.0.7390.122 Mobile Safari/537.36 (compatible; Googlebot/2.1; +http://www.google.com/bot.html)"
66.249.77.65 - - [01/Dec/2025:14:26:00 +0300] "GET /?market=1130272446 HTTP/1.1" 200 214119 "-" "Mozilla/5.0 (Linux; Android 6.0.1; Nexus 5X Build/MMB29P) AppleWebKit/537.36 (KHTML, like Gecko) Chrome/141.0.7390.122 Mobile Safari/537.36 (compatible; Googlebot/2.1; +http://www.google.com/bot.html)"
66.249.77.64 - - [01/Dec/2025:14:26:19 +0300] "GET /?market=552546521 HTTP/1.1" 200 215671 "-" "Mozilla/5.0 (Linux; Android 6.0.1; Nexus 5X Build/MMB29P) AppleWebKit/537.36 (KHTML, like Gecko) Chrome/141.0.7390.122 Mobile Safari/537.36 (compatible; GoogleOther)"
66.249.77.64 - - [01/Dec/2025:14:26:55 +0300] "GET /?market=551322033 HTTP/1.1" 200 209432 "-" "Mozilla/5.0 (Linux; Android 6.0.1; Nexus 5X Build/MMB29P) AppleWebKit/537.36 (KHTML, like Gecko) Chrome/141.0.7390.122 Mobile Safari/537.36 (compatible; Googlebot/2.1; +http://www.google.com/bot.html)"
66.249.77.66 - - [01/Dec/2025:14:29:51 +0300] "GET /?market=1317217830 HTTP/1.1" 200 204345 "-" "Mozilla/5.0 (Linux; Android 6.0.1; Nexus 5X Build/MMB29P) AppleWebKit/537.36 (KHTML, like Gecko) Chrome/141.0.7390.122 Mobile Safari/537.36 (compatible; Googlebot/2.1; +http://www.google.com/bot.html)"
66.249.77.65 - - [01/Dec/2025:14:30:37 +0300] "GET /?market=1132102507 HTTP/1.1" 200 207726 "-" "Mozilla/5.0 (Linux; Android 6.0.1; Nexus 5X Build/MMB29P) AppleWebKit/537.36 (KHTML, like Gecko) Chrome/141.0.7390.122 Mobile Safari/537.36 (compatible; Googlebot/2.1; +http://www.google.com/bot.html)"
66.249.77.65 - - [01/Dec/2025:14:30:42 +0300] "GET /?market=551307795 HTTP/1.1" 200 218993 "-" "Mozilla/5.0 (Linux; Android 6.0.1; Nexus 5X Build/MMB29P) AppleWebKit/537.36 (KHTML, like Gecko) Chrome/141.0.7390.122 Mobile Safari/537.36 (compatible; GoogleOther)"
66.249.77.64 - - [01/Dec/2025:14:32:19 +0300] "GET /?market=551447113 HTTP/1.1" 200 203486 "-" "Mozilla/5.0 (Linux; Android 6.0.1; Nexus 5X Build/MMB29P) AppleWebKit/537.36 (KHTML, like Gecko) Chrome/141.0.7390.122 Mobile Safari/537.36 (compatible; Googlebot/2.1; +http://www.google.com/bot.html)"
66.249.77.65 - - [01/Dec/2025:14:32:35 +0300] "GET /?market=1317736555 HTTP/1.1" 200 208491 "-" "Mozilla/5.0 (Linux; Android 6.0.1; Nexus 5X Build/MMB29P) AppleWebKit/537.36 (KHTML, like Gecko) Chrome/141.0.7390.122 Mobile Safari/537.36 (compatible; Googlebot/2.1; +http://www.google.com/bot.html)"
66.249.77.65 - - [01/Dec/2025:14:34:52 +0300] "GET /?market=551246408 HTTP/1.1" 200 209877 "-" "Mozilla/5.0 (Linux; Android 6.0.1; Nexus 5X Build/MMB29P) AppleWebKit/537.36 (KHTML, like Gecko) Chrome/141.0.7390.122 Mobile Safari/537.36 (compatible; GoogleOther)"
66.249.77.64 - - [01/Dec/2025:14:35:53 +0300] "GET /?market=1132062544 HTTP/1.1" 200 207189 "-" "Mozilla/5.0 (Linux; Android 6.0.1; Nexus 5X Build/MMB29P) AppleWebKit/537.36 (KHTML, like Gecko) Chrome/141.0.7390.122 Mobile Safari/537.36 (compatible; Googlebot/2.1; +http://www.google.com/bot.html)"
66.249.77.64 - - [01/Dec/2025:14:37:03 +0300] "GET /?market=551425689 HTTP/1.1" 200 224782 "-" "Mozilla/5.0 (Linux; Android 6.0.1; Nexus 5X Build/MMB29P) AppleWebKit/537.36 (KHTML, like Gecko) Chrome/141.0.7390.122 Mobile Safari/537.36 (compatible; GoogleOther)"
66.249.77.64 - - [01/Dec/2025:14:37:29 +0300] "GET /?market=1315949791 HTTP/1.1" 200 209693 "-" "Mozilla/5.0 (Linux; Android 6.0.1; Nexus 5X Build/MMB29P) AppleWebKit/537.36 (KHTML, like Gecko) Chrome/141.0.7390.122 Mobile Safari/537.36 (compatible; Googlebot/2.1; +http://www.google.com/bot.html)"
66.249.77.65 - - [01/Dec/2025:14:37:39 +0300] "GET /?market=551607983 HTTP/1.1" 200 198803 "-" "Mozilla/5.0 (Linux; Android 6.0.1; Nexus 5X Build/MMB29P) AppleWebKit/537.36 (KHTML, like Gecko) Chrome/141.0.7390.122 Mobile Safari/537.36 (compatible; Googlebot/2.1; +http://www.google.com/bot.html)"
66.249.77.65 - - [01/Dec/2025:14:38:06 +0300] "GET /?market=949720950 HTTP/1.1" 200 215337 "-" "Mozilla/5.0 (Linux; Android 6.0.1; Nexus 5X Build/MMB29P) AppleWebKit/537.36 (KHTML, like Gecko) Chrome/141.0.7390.122 Mobile Safari/537.36 (compatible; Googlebot/2.1; +http://www.google.com/bot.html)"
66.249.77.65 - - [01/Dec/2025:14:38:08 +0300] "GET /?market=949617296 HTTP/1.1" 200 220841 "-" "Mozilla/5.0 (Linux; Android 6.0.1; Nexus 5X Build/MMB29P) AppleWebKit/537.36 (KHTML, like Gecko) Chrome/141.0.7390.122 Mobile Safari/537.36 (compatible; Googlebot/2.1; +http://www.google.com/bot.html)"
66.249.77.64 - - [01/Dec/2025:14:38:19 +0300] "GET /?market=1316208862 HTTP/1.1" 200 214102 "-" "Mozilla/5.0 (Linux; Android 6.0.1; Nexus 5X Build/MMB29P) AppleWebKit/537.36 (KHTML, like Gecko) Chrome/141.0.7390.122 Mobile Safari/537.36 (compatible; Googlebot/2.1; +http://www.google.com/bot.html)"
66.249.77.64 - - [01/Dec/2025:14:38:30 +0300] "GET /urun-kategori/mont-kaban/page/2/?orderby=menu_order HTTP/1.1" 200 200347 "-" "Mozilla/5.0 (Linux; Android 6.0.1; Nexus 5X Build/MMB29P) AppleWebKit/537.36 (KHTML, like Gecko) Chrome/141.0.7390.122 Mobile Safari/537.36 (compatible; Googlebot/2.1; +http://www.google.com/bot.html)"
46.59.205.69 - - [01/Dec/2025:14:38:36 +0300] "GET /robots.txt HTTP/1.1" 200 87 "-" "Mozilla/5.0 (compatible; MJ12bot/v1.4.8; http://mj12bot.com/)"
46.59.205.69 - - [01/Dec/2025:14:38:39 +0300] "GET /urun/siyah-turuncu-t-shirt/ HTTP/1.1" 200 161410 "-" "Mozilla/5.0 (compatible; MJ12bot/v1.4.8; http://mj12bot.com/)"
66.249.77.64 - - [01/Dec/2025:14:39:09 +0300] "GET /?market=551269114 HTTP/1.1" 200 209010 "-" "Mozilla/5.0 (Linux; Android 6.0.1; Nexus 5X Build/MMB29P) AppleWebKit/537.36 (KHTML, like Gecko) Chrome/141.0.7390.122 Mobile Safari/537.36 (compatible; GoogleOther)"
66.249.77.64 - - [01/Dec/2025:14:40:26 +0300] "GET /?market=26147131 HTTP/1.1" 200 202684 "-" "Mozilla/5.0 (Linux; Android 6.0.1; Nexus 5X Build/MMB29P) AppleWebKit/537.36 (KHTML, like Gecko) Chrome/141.0.7390.122 Mobile Safari/537.36 (compatible; Googlebot/2.1; +http://www.google.com/bot.html)"
66.249.77.64 - - [01/Dec/2025:14:40:59 +0300] "GET /?market=29723993 HTTP/1.1" 200 216146 "-" "Mozilla/5.0 (Linux; Android 6.0.1; Nexus 5X Build/MMB29P) AppleWebKit/537.36 (KHTML, like Gecko) Chrome/141.0.7390.122 Mobile Safari/537.36 (compatible; Googlebot/2.1; +http://www.google.com/bot.html)"
66.249.77.64 - - [01/Dec/2025:14:42:18 +0300] "GET /?market=1317651306 HTTP/1.1" 200 208770 "-" "Mozilla/5.0 (Linux; Android 6.0.1; Nexus 5X Build/MMB29P) AppleWebKit/537.36 (KHTML, like Gecko) Chrome/141.0.7390.122 Mobile Safari/537.36 (compatible; Googlebot/2.1; +http://www.google.com/bot.html)"
66.249.77.64 - - [01/Dec/2025:14:43:25 +0300] "GET /?market=551332102 HTTP/1.1" 200 209064 "-" "Mozilla/5.0 (Linux; Android 6.0.1; Nexus 5X Build/MMB29P) AppleWebKit/537.36 (KHTML, like Gecko) Chrome/141.0.7390.122 Mobile Safari/537.36 (compatible; GoogleOther)"
66.249.77.64 - - [01/Dec/2025:14:43:54 +0300] "GET /?market=551364881 HTTP/1.1" 200 208514 "-" "Mozilla/5.0 (Linux; Android 6.0.1; Nexus 5X Build/MMB29P) AppleWebKit/537.36 (KHTML, like Gecko) Chrome/141.0.7390.122 Mobile Safari/537.36 (compatible; Googlebot/2.1; +http://www.google.com/bot.html)"
66.249.77.64 - - [01/Dec/2025:14:46:53 +0300] "GET /?market=1130078092 HTTP/1.1" 200 217246 "-" "Mozilla/5.0 (Linux; Android 6.0.1; Nexus 5X Build/MMB29P) AppleWebKit/537.36 (KHTML, like Gecko) Chrome/141.0.7390.122 Mobile Safari/537.36 (compatible; Googlebot/2.1; +http://www.google.com/bot.html)"
52.167.144.183 - - [01/Dec/2025:14:47:15 +0300] "GET /urun/siyah-gri-reflektorlu-mont/ HTTP/1.1" 200 197864 "-" "Mozilla/5.0 AppleWebKit/537.36 (KHTML, like Gecko; compatible; bingbot/2.0; +http://www.bing.com/bingbot.htm) Chrome/116.0.1938.76 Safari/537.36"
223.109.255.163 - - [01/Dec/2025:14:47:33 +0300] "GET / HTTP/1.1" 200 161410 "-" "Sogou web spider/4.0(+http://www.sogou.com/docs/help/webmasters.htm#07)"
66.249.77.64 - - [01/Dec/2025:14:47:43 +0300] "GET /?market=551299455 HTTP/1.1" 200 211691 "-" "Mozilla/5.0 (Linux; Android 6.0.1; Nexus 5X Build/MMB29P) AppleWebKit/537.36 (KHTML, like Gecko) Chrome/141.0.7390.122 Mobile Safari/537.36 (compatible; GoogleOther)"
66.249.77.64 - - [01/Dec/2025:14:48:56 +0300] "GET /?market=551358981 HTTP/1.1" 200 204711 "-" "Mozilla/5.0 (Linux; Android 6.0.1; Nexus 5X Build/MMB29P) AppleWebKit/537.36 (KHTML, like Gecko) Chrome/141.0.7390.122 Mobile Safari/537.36 (compatible; Googlebot/2.1; +http://www.google.com/bot.html)"
66.249.77.65 - - [01/Dec/2025:14:50:39 +0300] "GET /?market=1316095714 HTTP/1.1" 200 210147 "-" "Mozilla/5.0 (Linux; Android 6.0.1; Nexus 5X Build/MMB29P) AppleWebKit/537.36 (KHTML, like Gecko) Chrome/141.0.7390.122 Mobile Safari/537.36 (compatible; Googlebot/2.1; +http://www.google.com/bot.html)"
216.73.216.173 - - [01/Dec/2025:14:54:22 +0300] "GET /robots.txt HTTP/1.1" 200 87 "-" "Mozilla/5.0 AppleWebKit/537.36 (KHTML, like Gecko; compatible; ClaudeBot/1.0; +claudebot@anthropic.com)"
216.73.216.173 - - [01/Dec/2025:14:54:22 +0300] "GET /urun/gri-fume-mont?fileloc=%2Fhome%2Fbatigun%2Fpublic_html%2Fwp-admin%2Flink.php&path=%2Fhome%2Fbatigun%2Fpublic_html%2Fwp-admin HTTP/1.1" 200 15209 "-" "Mozilla/5.0 AppleWebKit/537.36 (KHTML, like Gecko; compatible; ClaudeBot/1.0; +claudebot@anthropic.com)"
216.73.216.173 - - [01/Dec/2025:14:54:25 +0300] "GET /urun/gri-fume-mont?fileloc=%2Fhome%2Fbatigun%2Fpublic_html%2Fwp-admin%2Fms-upgrade-network.php&path=%2Fhome%2Fbatigun%2Fpublic_html%2Fwp-admin HTTP/1.1" 200 12694 "-" "Mozilla/5.0 AppleWebKit/537.36 (KHTML, like Gecko; compatible; ClaudeBot/1.0; +claudebot@anthropic.com)"
216.73.216.173 - - [01/Dec/2025:14:54:28 +0300] "GET /urun/gri-fume-mont?fileloc=%2Fhome%2Fbatigun%2Fpublic_html%2Fwp-admin%2FServer.php&path=%2Fhome%2Fbatigun%2Fpublic_html%2Fwp-admin HTTP/1.1" 200 12516 "-" "Mozilla/5.0 AppleWebKit/537.36 (KHTML, like Gecko; compatible; ClaudeBot/1.0; +claudebot@anthropic.com)"
216.73.216.173 - - [01/Dec/2025:14:54:31 +0300] "GET /urun/gri-fume-mont?fileloc=%2Fhome%2Fbatigun%2Fpublic_html%2Fwp-admin%2Fms-options.php&path=%2Fhome%2Fbatigun%2Fpublic_html%2Fwp-admin HTTP/1.1" 200 12690 "-" "Mozilla/5.0 AppleWebKit/537.36 (KHTML, like Gecko; compatible; ClaudeBot/1.0; +claudebot@anthropic.com)"
216.73.216.173 - - [01/Dec/2025:14:54:34 +0300] "GET /urun/gri-fume-mont?fileloc=%2Fhome%2Fbatigun%2Fpublic_html%2Fwp-admin%2Fms-admin.php&path=%2Fhome%2Fbatigun%2Fpublic_html%2Fwp-admin HTTP/1.1" 200 12661 "-" "Mozilla/5.0 AppleWebKit/537.36 (KHTML, like Gecko; compatible; ClaudeBot/1.0; +claudebot@anthropic.com)"
216.73.216.173 - - [01/Dec/2025:14:54:37 +0300] "GET /urun/gri-fume-mont?fileloc=%2Fhome%2Fbatigun%2Fpublic_html%2Fwp-admin%2Fclass.global.inc.php&path=%2Fhome%2Fbatigun%2Fpublic_html%2Fwp-admin HTTP/1.1" 200 12455 "-" "Mozilla/5.0 AppleWebKit/537.36 (KHTML, like Gecko; compatible; ClaudeBot/1.0; +claudebot@anthropic.com)"
66.249.77.64 - - [01/Dec/2025:14:54:39 +0300] "GET /?market=551398810 HTTP/1.1" 200 207140 "-" "Mozilla/5.0 (Linux; Android 6.0.1; Nexus 5X Build/MMB29P) AppleWebKit/537.36 (KHTML, like Gecko) Chrome/141.0.7390.122 Mobile Safari/537.36 (compatible; Googlebot/2.1; +http://www.google.com/bot.html)"
216.73.216.173 - - [01/Dec/2025:14:54:42 +0300] "GET /urun/gri-fume-mont?fileloc=%2Fhome%2Fbatigun%2Fpublic_html%2Fwp-admin%2Fadmin-post.php&path=%2Fhome%2Fbatigun%2Fpublic_html%2Fwp-admin HTTP/1.1" 200 14164 "-" "Mozilla/5.0 AppleWebKit/537.36 (KHTML, like Gecko; compatible; ClaudeBot/1.0; +claudebot@anthropic.com)"
216.73.216.173 - - [01/Dec/2025:14:54:45 +0300] "GET /urun/gri-fume-mont?fileloc=%2Fhome%2Fbatigun%2Fpublic_html%2Fwp-admin%2Fterm.php&path=%2Fhome%2Fbatigun%2Fpublic_html%2Fwp-admin HTTP/1.1" 200 14670 "-" "Mozilla/5.0 AppleWebKit/537.36 (KHTML, like Gecko; compatible; ClaudeBot/1.0; +claudebot@anthropic.com)"
216.73.216.173 - - [01/Dec/2025:14:54:48 +0300] "GET /urun/gri-fume-mont?fileloc=%2Fhome%2Fbatigun%2Fpublic_html%2Fwp-admin%2Fms-sites.php&path=%2Fhome%2Fbatigun%2Fpublic_html%2Fwp-admin HTTP/1.1" 200 12680 "-" "Mozilla/5.0 AppleWebKit/537.36 (KHTML, like Gecko; compatible; ClaudeBot/1.0; +claudebot@anthropic.com)"
216.73.216.173 - - [01/Dec/2025:14:54:51 +0300] "GET /urun/gri-fume-mont?fileloc=%2Fhome%2Fbatigun%2Fpublic_html%2Fwp-admin%2Fexport.php&path=%2Fhome%2Fbatigun%2Fpublic_html%2Fwp-admin HTTP/1.1" 200 25758 "-" "Mozilla/5.0 AppleWebKit/537.36 (KHTML, like Gecko; compatible; ClaudeBot/1.0; +claudebot@anthropic.com)"
216.73.216.173 - - [01/Dec/2025:14:54:54 +0300] "GET /urun/gri-fume-mont?fileloc=%2Fhome%2Fbatigun%2Fpublic_html%2Fwp-admin%2Finstall.php&path=%2Fhome%2Fbatigun%2Fpublic_html%2Fwp-admin HTTP/1.1" 200 32438 "-" "Mozilla/5.0 AppleWebKit/537.36 (KHTML, like Gecko; compatible; ClaudeBot/1.0; +claudebot@anthropic.com)"
216.73.216.173 - - [01/Dec/2025:14:54:57 +0300] "GET /urun/gri-fume-mont?fileloc=%2Fhome%2Fbatigun%2Fpublic_html%2Fwp-admin%2Ftermsofuse.php&path=%2Fhome%2Fbatigun%2Fpublic_html%2Fwp-admin HTTP/1.1" 200 21811 "-" "Mozilla/5.0 AppleWebKit/537.36 (KHTML, like Gecko; compatible; ClaudeBot/1.0; +claudebot@anthropic.com)"
216.73.216.173 - - [01/Dec/2025:14:55:00 +0300] "GET /urun/gri-fume-mont?fileloc=%2Fhome%2Fbatigun%2Fpublic_html%2Fwp-admin%2Fupgrade.php&path=%2Fhome%2Fbatigun%2Fpublic_html%2Fwp-admin HTTP/1.1" 200 18903 "-" "Mozilla/5.0 AppleWebKit/537.36 (KHTML, like Gecko; compatible; ClaudeBot/1.0; +claudebot@anthropic.com)"
216.73.216.173 - - [01/Dec/2025:14:55:03 +0300] "GET /urun/gri-fume-mont?fileloc=%2Fhome%2Fbatigun%2Fpublic_html%2Fwp-admin%2Fimport.php&path=%2Fhome%2Fbatigun%2Fpublic_html%2Fwp-admin HTTP/1.1" 200 20585 "-" "Mozilla/5.0 AppleWebKit/537.36 (KHTML, like Gecko; compatible; ClaudeBot/1.0; +claudebot@anthropic.com)"
216.73.216.173 - - [01/Dec/2025:14:55:06 +0300] "GET /urun/gri-fume-mont?fileloc=%2Fhome%2Fbatigun%2Fpublic_html%2Fwp-admin%2Fnetwork.php&path=%2Fhome%2Fbatigun%2Fpublic_html%2Fwp-admin HTTP/1.1" 200 18282 "-" "Mozilla/5.0 AppleWebKit/537.36 (KHTML, like Gecko; compatible; ClaudeBot/1.0; +claudebot@anthropic.com)"
216.73.216.173 - - [01/Dec/2025:14:55:09 +0300] "GET /urun/gri-fume-mont?fileloc=%2Fhome%2Fbatigun%2Fpublic_html%2Fwp-admin%2Ftheme-install.php&path=%2Fhome%2Fbatigun%2Fpublic_html%2Fwp-admin HTTP/1.1" 200 30878 "-" "Mozilla/5.0 AppleWebKit/537.36 (KHTML, like Gecko; compatible; ClaudeBot/1.0; +claudebot@anthropic.com)"
66.249.77.64 - - [01/Dec/2025:14:55:09 +0300] "GET /?market=1316230286 HTTP/1.1" 200 202734 "-" "Mozilla/5.0 (Linux; Android 6.0.1; Nexus 5X Build/MMB29P) AppleWebKit/537.36 (KHTML, like Gecko) Chrome/141.0.7390.122 Mobile Safari/537.36 (compatible; Googlebot/2.1; +http://www.google.com/bot.html)"
216.73.216.173 - - [01/Dec/2025:14:55:12 +0300] "GET /urun/gri-fume-mont?fileloc=%2Fhome%2Fbatigun%2Fpublic_html%2Fwp-admin%2Fbrowser.php&path=%2Fhome%2Fbatigun%2Fpublic_html%2Fwp-admin HTTP/1.1" 200 12511 "-" "Mozilla/5.0 AppleWebKit/537.36 (KHTML, like Gecko; compatible; ClaudeBot/1.0; +claudebot@anthropic.com)"
216.73.216.173 - - [01/Dec/2025:14:55:15 +0300] "GET /urun/gri-fume-mont?fileloc=%2Fhome%2Fbatigun%2Fpublic_html%2Fwp-admin%2Foptions-reading.php&path=%2Fhome%2Fbatigun%2Fpublic_html%2Fwp-admin HTTP/1.1" 200 23057 "-" "Mozilla/5.0 AppleWebKit/537.36 (KHTML, like Gecko; compatible; ClaudeBot/1.0; +claudebot@anthropic.com)"
216.73.216.173 - - [01/Dec/2025:14:55:18 +0300] "GET /urun/gri-fume-mont?fileloc=%2Fhome%2Fbatigun%2Fpublic_html%2Fwp-admin%2Fthemes.php&path=%2Fhome%2Fbatigun%2Fpublic_html%2Fwp-admin HTTP/1.1" 200 40360 "-" "Mozilla/5.0 AppleWebKit/537.36 (KHTML, like Gecko; compatible; ClaudeBot/1.0; +claudebot@anthropic.com)"
216.73.216.173 - - [01/Dec/2025:14:55:21 +0300] "GET /urun/gri-fume-mont?fileloc=%2Fhome%2Fbatigun%2Fpublic_html%2Fwp-admin%2Fms-delete-site.php&path=%2Fhome%2Fbatigun%2Fpublic_html%2Fwp-admin HTTP/1.1" 200 16855 "-" "Mozilla/5.0 AppleWebKit/537.36 (KHTML, like Gecko; compatible; ClaudeBot/1.0; +claudebot@anthropic.com)"
216.73.216.173 - - [01/Dec/2025:14:55:24 +0300] "GET /urun/gri-fume-mont?fileloc=%2Fhome%2Fbatigun%2Fpublic_html%2Fwp-admin%2Frevision.php&path=%2Fhome%2Fbatigun%2Fpublic_html%2Fwp-admin HTTP/1.1" 200 18089 "-" "Mozilla/5.0 AppleWebKit/537.36 (KHTML, like Gecko; compatible; ClaudeBot/1.0; +claudebot@anthropic.com)"
216.73.216.173 - - [01/Dec/2025:14:55:27 +0300] "GET /urun/gri-fume-mont?fileloc=%2Fhome%2Fbatigun%2Fpublic_html%2Fwp-admin%2Fmedia-upload.php&path=%2Fhome%2Fbatigun%2Fpublic_html%2Fwp-admin HTTP/1.1" 200 15922 "-" "Mozilla/5.0 AppleWebKit/537.36 (KHTML, like Gecko; compatible; ClaudeBot/1.0; +claudebot@anthropic.com)"
216.73.216.173 - - [01/Dec/2025:14:55:30 +0300] "GET /urun/gri-fume-mont?fileloc=%2Fhome%2Fbatigun%2Fpublic_html%2Fwp-admin%2Fupdate.php&path=%2Fhome%2Fbatigun%2Fpublic_html%2Fwp-admin HTTP/1.1" 200 23379 "-" "Mozilla/5.0 AppleWebKit/537.36 (KHTML, like Gecko; compatible; ClaudeBot/1.0; +claudebot@anthropic.com)"
216.73.216.173 - - [01/Dec/2025:14:55:33 +0300] "GET /urun/gri-fume-mont?fileloc=%2Fhome%2Fbatigun%2Fpublic_html%2Fwp-admin%2Fcomment.php&path=%2Fhome%2Fbatigun%2Fpublic_html%2Fwp-admin HTTP/1.1" 200 24606 "-" "Mozilla/5.0 AppleWebKit/537.36 (KHTML, like Gecko; compatible; ClaudeBot/1.0; +claudebot@anthropic.com)"
216.73.216.173 - - [01/Dec/2025:14:55:36 +0300] "GET /urun/gri-fume-mont?fileloc=%2Fhome%2Fbatigun%2Fpublic_html%2Fwp-admin%2FSurround.php&path=%2Fhome%2Fbatigun%2Fpublic_html%2Fwp-admin HTTP/1.1" 200 13861 "-" "Mozilla/5.0 AppleWebKit/537.36 (KHTML, like Gecko; compatible; ClaudeBot/1.0; +claudebot@anthropic.com)"
216.73.216.173 - - [01/Dec/2025:14:55:39 +0300] "GET /urun/gri-fume-mont?fileloc=%2Fhome%2Fbatigun%2Fpublic_html%2Fwp-admin%2Fmenu.php&path=%2Fhome%2Fbatigun%2Fpublic_html%2Fwp-admin HTTP/1.1" 200 27025 "-" "Mozilla/5.0 AppleWebKit/537.36 (KHTML, like Gecko; compatible; ClaudeBot/1.0; +claudebot@anthropic.com)"
216.73.216.173 - - [01/Dec/2025:14:55:42 +0300] "GET /urun/gri-fume-mont?fileloc=%2Fhome%2Fbatigun%2Fpublic_html%2Fwp-admin%2Fusers.php&path=%2Fhome%2Fbatigun%2Fpublic_html%2Fwp-admin HTTP/1.1" 200 34894 "-" "Mozilla/5.0 AppleWebKit/537.36 (KHTML, like Gecko; compatible; ClaudeBot/1.0; +claudebot@anthropic.com)"
216.73.216.173 - - [01/Dec/2025:14:55:45 +0300] "GET /urun/gri-fume-mont?fileloc=%2Fhome%2Fbatigun%2Fpublic_html%2Fwp-admin%2Fload-styles.php&path=%2Fhome%2Fbatigun%2Fpublic_html%2Fwp-admin HTTP/1.1" 200 14797 "-" "Mozilla/5.0 AppleWebKit/537.36 (KHTML, like Gecko; compatible; ClaudeBot/1.0; +claudebot@anthropic.com)"
216.73.216.173 - - [01/Dec/2025:14:56:02 +0300] "GET /urun/gri-fume-mont?fileloc=%2Fhome%2Fbatigun%2Fpublic_html%2F.locked&path=%2Fhome%2Fbatigun%2Fpublic_html HTTP/1.1" 200 12369 "-" "Mozilla/5.0 AppleWebKit/537.36 (KHTML, like Gecko; compatible; ClaudeBot/1.0; +claudebot@anthropic.com)"
216.73.216.173 - - [01/Dec/2025:14:56:05 +0300] "GET /urun/gri-fume-mont?fileloc=%2Fhome%2Fbatigun%2Fpublic_html%2F.post&path=%2Fhome%2Fbatigun%2Fpublic_html HTTP/1.1" 200 12367 "-" "Mozilla/5.0 AppleWebKit/537.36 (KHTML, like Gecko; compatible; ClaudeBot/1.0; +claudebot@anthropic.com)"
66.249.77.64 - - [01/Dec/2025:14:56:04 +0300] "GET /?market=1316291543 HTTP/1.1" 200 208912 "-" "Mozilla/5.0 (Linux; Android 6.0.1; Nexus 5X Build/MMB29P) AppleWebKit/537.36 (KHTML, like Gecko) Chrome/141.0.7390.122 Mobile Safari/537.36 (compatible; Googlebot/2.1; +http://www.google.com/bot.html)"
216.73.216.173 - - [01/Dec/2025:14:56:08 +0300] "GET /urun/gri-fume-mont?fileloc=%2Fhome%2Fbatigun%2Fpublic_html%2F.ibase_pconnection&path=%2Fhome%2Fbatigun%2Fpublic_html HTTP/1.1" 200 12380 "-" "Mozilla/5.0 AppleWebKit/537.36 (KHTML, like Gecko; compatible; ClaudeBot/1.0; +claudebot@anthropic.com)"
216.73.216.173 - - [01/Dec/2025:14:56:11 +0300] "GET /urun/gri-fume-mont?fileloc=%2Fhome%2Fbatigun%2Fpublic_html%2F.class&path=%2Fhome%2Fbatigun%2Fpublic_html HTTP/1.1" 200 12368 "-" "Mozilla/5.0 AppleWebKit/537.36 (KHTML, like Gecko; compatible; ClaudeBot/1.0; +claudebot@anthropic.com)"
216.73.216.173 - - [01/Dec/2025:14:56:14 +0300] "GET /urun/gri-fume-mont?fileloc=%2Fhome%2Fbatigun%2Fpublic_html%2F.internal&path=%2Fhome%2Fbatigun%2Fpublic_html HTTP/1.1" 200 12371 "-" "Mozilla/5.0 AppleWebKit/537.36 (KHTML, like Gecko; compatible; ClaudeBot/1.0; +claudebot@anthropic.com)"
216.73.216.173 - - [01/Dec/2025:14:56:17 +0300] "GET /urun/gri-fume-mont?fileloc=%2Fhome%2Fbatigun%2Fpublic_html%2Fwp-admin%2F.lock&path=%2Fhome%2Fbatigun%2Fpublic_html%2Fwp-admin HTTP/1.1" 200 12440 "-" "Mozilla/5.0 AppleWebKit/537.36 (KHTML, like Gecko; compatible; ClaudeBot/1.0; +claudebot@anthropic.com)"
66.249.77.64 - - [01/Dec/2025:14:56:17 +0300] "GET /?market=551636012 HTTP/1.1" 200 211594 "-" "Mozilla/5.0 (Linux; Android 6.0.1; Nexus 5X Build/MMB29P) AppleWebKit/537.36 (KHTML, like Gecko) Chrome/141.0.7390.122 Mobile Safari/537.36 (compatible; GoogleOther)"
216.73.216.173 - - [01/Dec/2025:14:56:20 +0300] "GET /urun/gri-fume-mont?fileloc=%2Fhome%2Fbatigun%2Fpublic_html%2Fwp-admin%2F.center&path=%2Fhome%2Fbatigun%2Fpublic_html%2Fwp-admin HTTP/1.1" 200 12442 "-" "Mozilla/5.0 AppleWebKit/537.36 (KHTML, like Gecko; compatible; ClaudeBot/1.0; +claudebot@anthropic.com)"
216.73.216.173 - - [01/Dec/2025:14:56:31 +0300] "GET /urun/gri-fume-mont?fileloc=%2Fhome%2Fbatigun%2F.contactemail&path=%2Fhome%2Fbatigun HTTP/1.1" 200 12305 "-" "Mozilla/5.0 AppleWebKit/537.36 (KHTML, like Gecko; compatible; ClaudeBot/1.0; +claudebot@anthropic.com)"
216.73.216.173 - - [01/Dec/2025:14:56:34 +0300] "GET /urun/gri-fume-mont?path=%2Fhome%2Fbatigun%2F.cphorde HTTP/1.1" 200 16930 "-" "Mozilla/5.0 AppleWebKit/537.36 (KHTML, like Gecko; compatible; ClaudeBot/1.0; +claudebot@anthropic.com)"
216.73.216.173 - - [01/Dec/2025:14:56:37 +0300] "GET /urun/gri-fume-mont?path=%2Fhome%2Fbatigun%2F.cpaddons HTTP/1.1" 200 14131 "-" "Mozilla/5.0 AppleWebKit/537.36 (KHTML, like Gecko; compatible; ClaudeBot/1.0; +claudebot@anthropic.com)"
216.73.216.173 - - [01/Dec/2025:14:56:40 +0300] "GET /urun/gri-fume-mont?path=%2Fhome%2Fbatigun%2Flogs HTTP/1.1" 200 18896 "-" "Mozilla/5.0 AppleWebKit/537.36 (KHTML, like Gecko; compatible; ClaudeBot/1.0; +claudebot@anthropic.com)"
216.73.216.173 - - [01/Dec/2025:14:56:43 +0300] "GET /urun/gri-fume-mont?fileloc=%2Fhome%2Fbatigun%2F.myimunify_id&path=%2Fhome%2Fbatigun HTTP/1.1" 200 12407 "-" "Mozilla/5.0 AppleWebKit/537.36 (KHTML, like Gecko; compatible; ClaudeBot/1.0; +claudebot@anthropic.com)"
216.73.216.173 - - [01/Dec/2025:14:56:46 +0300] "GET /urun/gri-fume-mont?path=%2Fhome%2Fbatigun%2F.trash HTTP/1.1" 200 12755 "-" "Mozilla/5.0 AppleWebKit/537.36 (KHTML, like Gecko; compatible; ClaudeBot/1.0; +claudebot@anthropic.com)"
216.73.216.173 - - [01/Dec/2025:14:56:49 +0300] "GET /urun/gri-fume-mont?path=%2Fhome%2Fbatigun%2F.spamassassin HTTP/1.1" 200 14255 "-" "Mozilla/5.0 AppleWebKit/537.36 (KHTML, like Gecko; compatible; ClaudeBot/1.0; +claudebot@anthropic.com)"
216.73.216.173 - - [01/Dec/2025:14:56:52 +0300] "GET /urun/gri-fume-mont?path=%2Fhome%2Fbatigun%2Fetc HTTP/1.1" 200 15566 "-" "Mozilla/5.0 AppleWebKit/537.36 (KHTML, like Gecko; compatible; ClaudeBot/1.0; +claudebot@anthropic.com)"
216.73.216.173 - - [01/Dec/2025:14:56:55 +0300] "GET /urun/gri-fume-mont?path=%2Fhome%2Fbatigun%2F.razor HTTP/1.1" 200 21819 "-" "Mozilla/5.0 AppleWebKit/537.36 (KHTML, like Gecko; compatible; ClaudeBot/1.0; +claudebot@anthropic.com)"
216.73.216.173 - - [01/Dec/2025:14:56:58 +0300] "GET /urun/gri-fume-mont?path=%2Fhome%2Fbatigun%2Fmail HTTP/1.1" 200 36806 "-" "Mozilla/5.0 AppleWebKit/537.36 (KHTML, like Gecko; compatible; ClaudeBot/1.0; +claudebot@anthropic.com)"
216.73.216.173 - - [01/Dec/2025:14:57:01 +0300] "GET /urun/gri-fume-mont?fileloc=%2Fhome%2Fbatigun%2F.zshrc&path=%2Fhome%2Fbatigun HTTP/1.1" 403 161410 "-" "Mozilla/5.0 AppleWebKit/537.36 (KHTML, like Gecko; compatible; ClaudeBot/1.0; +claudebot@anthropic.com)"
216.73.216.173 - - [01/Dec/2025:14:57:04 +0300] "GET /urun/gri-fume-mont?path=%2Fhome%2Fbatigun%2Fwww HTTP/1.1" 200 158226 "-" "Mozilla/5.0 AppleWebKit/537.36 (KHTML, like Gecko; compatible; ClaudeBot/1.0; +claudebot@anthropic.com)"
